CRAN Package Check Results for Package SimDesign

Last updated on 2020-04-05 07:48:34 CEST.

Flavor Version Tinstall Tcheck Ttotal Status Flags
r-devel-linux-x86_64-debian-clang 2.0.1 8.75 110.54 119.29 OK
r-devel-linux-x86_64-debian-gcc 2.0.1 7.49 84.36 91.85 OK
r-devel-linux-x86_64-fedora-clang 2.0.1 138.46 OK
r-devel-linux-x86_64-fedora-gcc 2.0.1 118.24 OK
r-devel-windows-ix86+x86_64 2.0.1 20.00 117.00 137.00 OK
r-devel-windows-ix86+x86_64-gcc8 2.0.1 17.00 110.00 127.00 OK
r-patched-linux-x86_64 2.0.1 9.65 106.05 115.70 OK
r-patched-solaris-x86 2.0.1 164.30 NOTE
r-release-linux-x86_64 2.0.1 7.50 96.40 103.90 OK
r-release-windows-ix86+x86_64 2.0.1 18.00 172.00 190.00 OK
r-release-osx-x86_64 2.0.1 NOTE
r-oldrel-windows-ix86+x86_64 2.0.1 15.00 118.00 133.00 OK
r-oldrel-osx-x86_64 2.0.1 NOTE

Check Details

Version: 2.0.1
Check: installed package size
Result: NOTE
     installed size is 5.1Mb
     sub-directories of 1Mb or more:
     doc 4.5Mb
Flavor: r-patched-solaris-x86

Version: 2.0.1
Check: package dependencies
Result: NOTE
    Package suggested but not available for checking: ‘doMPI’
Flavors: r-release-osx-x86_64, r-oldrel-osx-x86_64