CRAN Package Check Results for Package SimJoint

Last updated on 2020-01-22 11:50:35 CET.

Flavor Version Tinstall Tcheck Ttotal Status Flags
r-devel-linux-x86_64-debian-clang 0.3.5 70.20 36.45 106.65 NOTE
r-devel-linux-x86_64-debian-gcc 0.3.5 54.64 29.86 84.50 NOTE
r-devel-linux-x86_64-fedora-clang 0.3.5 172.37 NOTE
r-devel-linux-x86_64-fedora-gcc 0.3.5 158.97 NOTE
r-devel-windows-ix86+x86_64 0.3.5 197.00 100.00 297.00 NOTE
r-devel-windows-ix86+x86_64-gcc8 0.3.5 198.00 98.00 296.00 NOTE
r-patched-linux-x86_64 0.3.5 58.49 34.92 93.41 NOTE
r-patched-solaris-x86 0.3.5 157.40 NOTE
r-release-linux-x86_64 0.3.5 59.11 34.34 93.45 NOTE
r-release-windows-ix86+x86_64 0.3.5 176.00 95.00 271.00 NOTE
r-release-osx-x86_64 0.3.5 NOTE
r-oldrel-windows-ix86+x86_64 0.3.5 124.00 74.00 198.00 NOTE
r-oldrel-osx-x86_64 0.3.5 NOTE

Check Details

Version: 0.3.5
Check: for GNU extensions in Makefiles
Result: NOTE
    GNU make is a SystemRequirements.
Flavors: r-devel-linux-x86_64-debian-clang, r-devel-linux-x86_64-debian-gcc, r-devel-linux-x86_64-fedora-clang, r-devel-linux-x86_64-fedora-gcc, r-devel-windows-ix86+x86_64, r-devel-windows-ix86+x86_64-gcc8, r-patched-linux-x86_64, r-patched-solaris-x86, r-release-linux-x86_64, r-release-windows-ix86+x86_64, r-release-osx-x86_64, r-oldrel-windows-ix86+x86_64, r-oldrel-osx-x86_64

Version: 0.3.5
Check: installed package size
Result: NOTE
     installed size is 5.7Mb
     sub-directories of 1Mb or more:
     libs 5.3Mb
Flavors: r-devel-linux-x86_64-fedora-clang, r-release-osx-x86_64, r-oldrel-osx-x86_64