CRAN Package Check Results for Package SparseTSCGM

Last updated on 2020-04-04 07:47:25 CEST.

Flavor Version Tinstall Tcheck Ttotal Status Flags
r-devel-linux-x86_64-debian-clang 2.5 9.53 85.96 95.49 OK
r-devel-linux-x86_64-debian-gcc 2.5 8.37 66.80 75.17 OK
r-devel-linux-x86_64-fedora-clang 2.5 106.10 WARN
r-devel-linux-x86_64-fedora-gcc 2.5 106.82 NOTE
r-devel-windows-ix86+x86_64 2.5 21.00 115.00 136.00 OK
r-devel-windows-ix86+x86_64-gcc8 2.5 21.00 121.00 142.00 OK
r-patched-linux-x86_64 2.5 8.54 81.96 90.50 OK
r-patched-solaris-x86 2.5 171.60 OK
r-release-linux-x86_64 2.5 8.22 75.47 83.69 OK
r-release-windows-ix86+x86_64 2.5 19.00 156.00 175.00 OK
r-release-osx-x86_64 2.5 OK
r-oldrel-windows-ix86+x86_64 2.5 18.00 115.00 133.00 OK
r-oldrel-osx-x86_64 2.5 OK

Check Details

Version: 2.5
Check: package dependencies
Result: WARN
    Requires orphaned package: ‘flare’
Flavor: r-devel-linux-x86_64-fedora-clang

Version: 2.5
Check: compiled code
Result: NOTE
    File ‘SparseTSCGM/libs/SparseTSCGM.so’:
     Found no calls to: ‘R_registerRoutines’, ‘R_useDynamicSymbols’
    
    It is good practice to register native routines and to disable symbol
    search.
    
    See ‘Writing portable packages’ in the ‘Writing R Extensions’ manual.
Flavors: r-devel-linux-x86_64-fedora-clang, r-devel-linux-x86_64-fedora-gcc