CRAN Package Check Results for Package StatMatch

Last updated on 2020-07-13 23:49:57 CEST.

Flavor Version Tinstall Tcheck Ttotal Status Flags
r-devel-linux-x86_64-debian-clang 1.3.0 11.96 93.43 105.39 OK
r-devel-linux-x86_64-debian-gcc 1.3.0 10.35 72.29 82.64 OK
r-devel-linux-x86_64-fedora-clang 1.3.0 138.93 OK
r-devel-linux-x86_64-fedora-gcc 1.3.0 129.56 OK
r-devel-windows-ix86+x86_64 1.3.0 21.00 140.00 161.00 OK
r-patched-linux-x86_64 1.3.0 11.44 92.28 103.72 OK
r-patched-solaris-x86 1.3.0 180.00 OK
r-release-linux-x86_64 1.3.0 10.22 91.43 101.65 OK
r-release-macos-x86_64 1.3.0 FAIL
r-release-windows-ix86+x86_64 1.3.0 29.00 138.00 167.00 OK
r-oldrel-macos-x86_64 1.3.0 OK
r-oldrel-windows-ix86+x86_64 1.3.0 30.00 91.00 121.00 OK

Check Details

Version: 1.3.0
Check: whether the package can be loaded with stated dependencies
Result: FAIL
Flavor: r-release-macos-x86_64