CRAN Package Check Results for Package SubgrPlots

Last updated on 2020-04-05 07:48:36 CEST.

Flavor Version Tinstall Tcheck Ttotal Status Flags
r-devel-linux-x86_64-debian-clang 0.1.3 31.06 275.91 306.97 OK
r-devel-linux-x86_64-debian-gcc 0.1.3 27.23 205.29 232.52 OK
r-devel-linux-x86_64-fedora-clang 0.1.3 360.51 NOTE
r-devel-linux-x86_64-fedora-gcc 0.1.3 356.35 NOTE
r-devel-windows-ix86+x86_64 0.1.3 52.00 223.00 275.00 OK
r-devel-windows-ix86+x86_64-gcc8 0.1.3 42.00 237.00 279.00 OK
r-patched-linux-x86_64 0.1.3 30.50 267.63 298.13 OK
r-patched-solaris-x86 0.1.3 416.60 NOTE
r-release-linux-x86_64 0.1.3 26.68 247.90 274.58 OK
r-release-windows-ix86+x86_64 0.1.3 46.00 339.00 385.00 OK
r-release-osx-x86_64 0.1.3 NOTE
r-oldrel-windows-ix86+x86_64 0.1.3 37.00 255.00 292.00 OK
r-oldrel-osx-x86_64 0.1.3 NOTE

Check Details

Version: 0.1.3
Check: dependencies in R code
Result: NOTE
    Namespaces in Imports field not imported from:
     ‘UpSetR’ ‘alluvial’ ‘gridBase’
     All declared Imports should be used.
Flavors: r-devel-linux-x86_64-fedora-clang, r-devel-linux-x86_64-fedora-gcc, r-patched-solaris-x86, r-release-osx-x86_64, r-oldrel-osx-x86_64