CRAN Package Check Results for Package SynthTools

Last updated on 2020-04-07 07:48:47 CEST.

Flavor Version Tinstall Tcheck Ttotal Status Flags
r-devel-linux-x86_64-debian-clang 1.0.1 2.63 30.68 33.31 OK
r-devel-linux-x86_64-debian-gcc 1.0.1 2.18 23.53 25.71 OK
r-devel-linux-x86_64-fedora-clang 1.0.1 40.98 NOTE
r-devel-linux-x86_64-fedora-gcc 1.0.1 41.12 NOTE
r-devel-windows-ix86+x86_64 1.0.1 12.00 67.00 79.00 OK
r-devel-windows-ix86+x86_64-gcc8 1.0.1 10.00 42.00 52.00 OK
r-patched-linux-x86_64 1.0.1 2.83 30.15 32.98 OK
r-patched-solaris-x86 1.0.1 66.90 NOTE
r-release-linux-x86_64 1.0.1 2.24 28.46 30.70 OK
r-release-windows-ix86+x86_64 1.0.1 6.00 73.00 79.00 OK
r-release-osx-x86_64 1.0.1 NOTE
r-oldrel-windows-ix86+x86_64 1.0.1 4.00 48.00 52.00 OK
r-oldrel-osx-x86_64 1.0.1 NOTE

Check Details

Version: 1.0.1
Check: dependencies in R code
Result: NOTE
    Namespace in Imports field not imported from: ‘utils’
     All declared Imports should be used.
Flavors: r-devel-linux-x86_64-fedora-clang, r-devel-linux-x86_64-fedora-gcc, r-patched-solaris-x86, r-release-osx-x86_64, r-oldrel-osx-x86_64