CRAN Package Check Results for Package TAM

Last updated on 2020-02-29 03:49:40 CET.

Flavor Version Tinstall Tcheck Ttotal Status Flags
r-devel-linux-x86_64-debian-clang 3.3-10 198.31 172.56 370.87 OK
r-devel-linux-x86_64-debian-gcc 3.3-10 129.88 130.79 260.67 OK
r-devel-linux-x86_64-fedora-clang 3.3-10 487.98 NOTE
r-devel-linux-x86_64-fedora-gcc 3.3-10 453.81 OK
r-devel-windows-ix86+x86_64 3.3-10 449.00 277.00 726.00 OK
r-devel-windows-ix86+x86_64-gcc8 3.3-10 365.00 206.00 571.00 OK
r-patched-linux-x86_64 3.3-10 165.04 156.59 321.63 OK
r-patched-solaris-x86 3.3-10 430.60 OK
r-release-linux-x86_64 3.3-10 153.68 155.29 308.97 OK
r-release-windows-ix86+x86_64 3.3-10 324.00 222.00 546.00 OK
r-release-osx-x86_64 3.3-10 NOTE
r-oldrel-windows-ix86+x86_64 3.3-10 276.00 163.00 439.00 OK
r-oldrel-osx-x86_64 3.3-10 NOTE

Check Details

Version: 3.3-10
Check: installed package size
Result: NOTE
     installed size is 7.0Mb
     sub-directories of 1Mb or more:
     R 1.3Mb
     libs 4.8Mb
Flavors: r-devel-linux-x86_64-fedora-clang, r-release-osx-x86_64, r-oldrel-osx-x86_64