CRAN Package Check Results for Package TRES

Last updated on 2020-02-25 19:53:00 CET.

Flavor Version Tinstall Tcheck Ttotal Status Flags
r-devel-linux-x86_64-debian-clang 1.1.1 8.37 85.26 93.63 OK
r-devel-linux-x86_64-debian-gcc 1.1.1 5.97 66.35 72.32 OK
r-devel-linux-x86_64-fedora-clang 1.1.1 109.17 OK
r-devel-linux-x86_64-fedora-gcc 1.1.1 108.48 OK
r-devel-windows-ix86+x86_64 1.1.1 12.00 96.00 108.00 OK
r-devel-windows-ix86+x86_64-gcc8 1.1.1 13.00 106.00 119.00 OK
r-patched-linux-x86_64 1.1.1 6.30 77.34 83.64 OK
r-patched-solaris-x86 1.1.1 178.60 NOTE
r-release-linux-x86_64 1.1.1 6.45 77.94 84.39 OK
r-release-windows-ix86+x86_64 1.1.1 10.00 91.00 101.00 OK
r-release-osx-x86_64 1.1.1 OK
r-oldrel-windows-ix86+x86_64 1.1.1 9.00 93.00 102.00 OK
r-oldrel-osx-x86_64 1.1.1 OK

Check Details

Version: 1.1.1
Check: installed package size
Result: NOTE
     installed size is 5.1Mb
     sub-directories of 1Mb or more:
     data 4.8Mb
Flavor: r-patched-solaris-x86