CRAN Package Check Results for Package TSmisc

Last updated on 2020-07-13 23:49:59 CEST.

Flavor Version Tinstall Tcheck Ttotal Status Flags
r-devel-linux-x86_64-debian-clang 2016.8-1 7.92 61.39 69.31 OK
r-devel-linux-x86_64-debian-gcc 2016.8-1 6.48 48.01 54.49 OK
r-devel-linux-x86_64-fedora-clang 2016.8-1 91.54 OK
r-devel-linux-x86_64-fedora-gcc 2016.8-1 83.21 OK
r-devel-windows-ix86+x86_64 2016.8-1 16.00 98.00 114.00 OK
r-patched-linux-x86_64 2016.8-1 8.43 60.47 68.90 OK
r-patched-solaris-x86 2016.8-1 118.60 OK
r-release-linux-x86_64 2016.8-1 7.32 60.57 67.89 OK
r-release-macos-x86_64 2016.8-1 ERROR
r-release-windows-ix86+x86_64 2016.8-1 21.00 100.00 121.00 OK
r-oldrel-macos-x86_64 2016.8-1 OK
r-oldrel-windows-ix86+x86_64 2016.8-1 22.00 77.00 99.00 OK

Check Details

Version: 2016.8-1
Check: whether package can be installed
Result: ERROR
    Installation failed.
Flavor: r-release-macos-x86_64