CRAN Package Check Results for Package TTR

Last updated on 2020-07-13 23:49:59 CEST.

Flavor Version Tinstall Tcheck Ttotal Status Flags
r-devel-linux-x86_64-debian-clang 0.23-6 7.88 42.75 50.63 OK
r-devel-linux-x86_64-debian-gcc 0.23-6 6.25 33.98 40.23 OK
r-devel-linux-x86_64-fedora-clang 0.23-6 67.89 OK
r-devel-linux-x86_64-fedora-gcc 0.23-6 59.72 OK
r-devel-windows-ix86+x86_64 0.23-6 19.00 111.00 130.00 OK
r-patched-linux-x86_64 0.23-6 6.86 43.60 50.46 OK
r-patched-solaris-x86 0.23-6 93.00 OK
r-release-linux-x86_64 0.23-6 7.58 42.97 50.55 OK
r-release-macos-x86_64 0.23-6 ERROR
r-release-windows-ix86+x86_64 0.23-6 27.00 86.00 113.00 OK
r-oldrel-macos-x86_64 0.23-6 OK
r-oldrel-windows-ix86+x86_64 0.23-6 24.00 88.00 112.00 OK

Check Details

Version: 0.23-6
Check: whether package can be installed
Result: ERROR
    Installation failed.
Flavor: r-release-macos-x86_64