CRAN Package Check Results for Package TargomoR

Last updated on 2020-06-04 23:48:12 CEST.

Flavor Version Tinstall Tcheck Ttotal Status Flags
r-devel-linux-x86_64-debian-clang 0.2.0 2.56 27.78 30.34 OK
r-devel-linux-x86_64-debian-gcc 0.2.0 2.38 22.00 24.38 OK
r-devel-linux-x86_64-fedora-clang 0.2.0 48.05 NOTE
r-devel-linux-x86_64-fedora-gcc 0.2.0 38.11 NOTE
r-devel-windows-ix86+x86_64 0.2.0 21.00 47.00 68.00 OK
r-patched-linux-x86_64 0.2.0 3.13 28.51 31.64 OK
r-patched-solaris-x86 0.2.0 54.20 NOTE
r-release-linux-x86_64 0.2.0 3.26 27.89 31.15 OK
r-release-osx-x86_64 0.2.0 NOTE
r-release-windows-ix86+x86_64 0.2.0 11.00 47.00 58.00 OK
r-oldrel-osx-x86_64 0.2.0 NOTE
r-oldrel-windows-ix86+x86_64 0.2.0 10.00 59.00 69.00 OK

Check Details

Version: 0.2.0
Check: dependencies in R code
Result: NOTE
    Namespace in Imports field not imported from: ‘xml2’
     All declared Imports should be used.
Flavors: r-devel-linux-x86_64-fedora-clang, r-devel-linux-x86_64-fedora-gcc, r-patched-solaris-x86, r-release-osx-x86_64, r-oldrel-osx-x86_64