CRAN Package Check Results for Package adehabitatHR

Last updated on 2020-02-18 03:47:30 CET.

Flavor Version Tinstall Tcheck Ttotal Status Flags
r-devel-linux-x86_64-debian-clang 0.4.18 15.35 100.12 115.47 OK
r-devel-linux-x86_64-debian-gcc 0.4.18 11.84 76.12 87.96 OK
r-devel-linux-x86_64-fedora-clang 0.4.18 136.54 OK
r-devel-linux-x86_64-fedora-gcc 0.4.18 140.16 OK
r-devel-windows-ix86+x86_64 0.4.18 25.00 123.00 148.00 OK
r-devel-windows-ix86+x86_64-gcc8 0.4.16 36.00 177.00 213.00 NOTE
r-patched-linux-x86_64 0.4.18 10.88 86.80 97.68 OK
r-patched-solaris-x86 0.4.18 161.70 OK
r-release-linux-x86_64 0.4.18 10.82 87.16 97.98 OK
r-release-windows-ix86+x86_64 0.4.18 23.00 124.00 147.00 OK
r-release-osx-x86_64 0.4.18 OK
r-oldrel-windows-ix86+x86_64 0.4.18 21.00 140.00 161.00 OK
r-oldrel-osx-x86_64 0.4.18 OK

Check Details

Version: 0.4.16
Check: dependencies in R code
Result: NOTE
    Unexported object imported by a ':::' call: 'adehabitatLT:::.ltraj2traj'
     See the note in ?`:::` about the use of this operator.
Flavor: r-devel-windows-ix86+x86_64-gcc8