CRAN Package Check Results for Package adehabitatLT

Last updated on 2020-03-31 03:48:00 CEST.

Flavor Version Tinstall Tcheck Ttotal Status Flags
r-devel-linux-x86_64-debian-clang 0.3.25 16.89 116.33 133.22 OK
r-devel-linux-x86_64-debian-gcc 0.3.25 12.00 96.53 108.53 OK
r-devel-linux-x86_64-fedora-clang 0.3.25 158.80 OK
r-devel-linux-x86_64-fedora-gcc 0.3.25 162.44 OK
r-devel-windows-ix86+x86_64 0.3.25 25.00 146.00 171.00 OK
r-devel-windows-ix86+x86_64-gcc8 0.3.25 26.00 149.00 175.00 OK
r-patched-linux-x86_64 0.3.25 13.35 120.83 134.18 OK
r-patched-solaris-x86 0.3.25 275.60 OK
r-release-linux-x86_64 0.3.25 11.92 112.76 124.68 OK
r-release-windows-ix86+x86_64 0.3.25 36.00 200.00 236.00 OK
r-release-osx-x86_64 0.3.25 NOTE
r-oldrel-windows-ix86+x86_64 0.3.25 34.00 177.00 211.00 OK
r-oldrel-osx-x86_64 0.3.25 NOTE

Check Details

Version: 0.3.25
Check: dependencies in R code
Result: NOTE
    No protocol specified
    No protocol specified
    No protocol specified
    No protocol specified
Flavors: r-release-osx-x86_64, r-oldrel-osx-x86_64