CRAN Package Check Results for Package aml

Last updated on 2020-07-10 07:50:30 CEST.

Flavor Version Tinstall Tcheck Ttotal Status Flags
r-devel-linux-x86_64-debian-clang 0.1-1 2.25 44.13 46.38 NOTE
r-devel-linux-x86_64-debian-gcc 0.1-1 1.95 35.44 37.39 NOTE
r-devel-linux-x86_64-fedora-clang 0.1-1 65.48 NOTE
r-devel-linux-x86_64-fedora-gcc 0.1-1 55.35 NOTE
r-devel-windows-ix86+x86_64 0.1-1 5.00 63.00 68.00 NOTE
r-patched-linux-x86_64 0.1-1 2.32 44.40 46.72 NOTE
r-patched-solaris-x86 0.1-1 98.00 NOTE
r-release-linux-x86_64 0.1-1 2.23 43.99 46.22 NOTE
r-release-osx-x86_64 0.1-1 NOTE
r-release-windows-ix86+x86_64 0.1-1 6.00 63.00 69.00 NOTE
r-oldrel-osx-x86_64 0.1-1 NOTE
r-oldrel-windows-ix86+x86_64 0.1-1 9.00 67.00 76.00 NOTE

Check Details

Version: 0.1-1
Check: R code for possible problems
Result: NOTE
    amltest: no visible global function definition for 'var'
    amltest: no visible global function definition for 'optim'
    amltest: no visible global function definition for 'lm'
    cleanclust: no visible global function definition for 'cor'
    cleanclust: no visible global function definition for 'hclust'
    cleanclust: no visible global function definition for 'as.dist'
    cleanclust: no visible global function definition for 'cutree'
    Undefined global functions or variables:
     as.dist cor cutree hclust lm optim var
    Consider adding
     importFrom("stats", "as.dist", "cor", "cutree", "hclust", "lm",
     "optim", "var")
    to your NAMESPACE file.
Flavors: r-devel-linux-x86_64-debian-clang, r-devel-linux-x86_64-debian-gcc, r-devel-linux-x86_64-fedora-clang, r-devel-linux-x86_64-fedora-gcc, r-devel-windows-ix86+x86_64, r-patched-linux-x86_64, r-patched-solaris-x86, r-release-linux-x86_64, r-release-osx-x86_64, r-release-windows-ix86+x86_64, r-oldrel-osx-x86_64, r-oldrel-windows-ix86+x86_64