CRAN Package Check Results for Package aurelius

Last updated on 2019-11-20 15:48:49 CET.

Flavor Version Tinstall Tcheck Ttotal Status Flags
r-devel-linux-x86_64-debian-clang 0.8.4 11.18 92.23 103.41 OK
r-devel-linux-x86_64-debian-gcc 0.8.4 10.04 74.88 84.92 OK
r-devel-linux-x86_64-fedora-clang 0.8.4 142.31 OK
r-devel-linux-x86_64-fedora-gcc 0.8.4 131.60 OK
r-devel-windows-ix86+x86_64 0.8.4 28.00 157.00 185.00 NOTE
r-devel-windows-ix86+x86_64-gcc8 0.8.4 21.00 120.00 141.00 NOTE
r-patched-linux-x86_64 0.8.4 11.65 91.54 103.19 OK
r-patched-solaris-x86 0.8.4 178.20 OK
r-release-linux-x86_64 0.8.4 9.57 92.19 101.76 OK
r-release-windows-ix86+x86_64 0.8.4 27.00 150.00 177.00 NOTE
r-release-osx-x86_64 0.8.4 OK
r-oldrel-windows-ix86+x86_64 0.8.4 17.00 92.00 109.00 NOTE
r-oldrel-osx-x86_64 0.8.4 OK

Check Details

Version: 0.8.4
Check: package dependencies
Result: NOTE
    Package which this enhances but not available for checking: 'rPython'
Flavors: r-devel-windows-ix86+x86_64, r-devel-windows-ix86+x86_64-gcc8, r-release-windows-ix86+x86_64, r-oldrel-windows-ix86+x86_64