CRAN Package Check Results for Package bastah

Last updated on 2020-04-07 03:48:03 CEST.

Flavor Version Tinstall Tcheck Ttotal Status Flags
r-devel-linux-x86_64-debian-clang 1.0.7 7.96 61.86 69.82 NOTE
r-devel-linux-x86_64-debian-gcc 1.0.7 6.60 48.62 55.22 NOTE
r-devel-linux-x86_64-fedora-clang 1.0.7 86.47 OK
r-devel-linux-x86_64-fedora-gcc 1.0.7 84.43 OK
r-devel-windows-ix86+x86_64 1.0.7 20.00 110.00 130.00 NOTE
r-devel-windows-ix86+x86_64-gcc8 1.0.7 17.00 72.00 89.00 NOTE
r-patched-linux-x86_64 1.0.7 7.68 59.82 67.50 NOTE
r-patched-solaris-x86 1.0.7 131.30 OK
r-release-linux-x86_64 1.0.7 6.75 54.50 61.25 NOTE
r-release-windows-ix86+x86_64 1.0.7 14.00 92.00 106.00 NOTE
r-release-osx-x86_64 1.0.7 OK
r-oldrel-windows-ix86+x86_64 1.0.7 12.00 67.00 79.00 NOTE
r-oldrel-osx-x86_64 1.0.7 OK

Check Details

Version: 1.0.7
Check: package dependencies
Result: NOTE
    Package which this enhances but not available for checking: 'rPython'
Flavors: r-devel-linux-x86_64-debian-clang, r-devel-linux-x86_64-debian-gcc, r-patched-linux-x86_64, r-release-linux-x86_64

Version: 1.0.7
Check: package dependencies
Result: NOTE
    Packages which this enhances but not available for checking:
     'doMC', 'rPython'
Flavors: r-devel-windows-ix86+x86_64, r-devel-windows-ix86+x86_64-gcc8, r-release-windows-ix86+x86_64

Version: 1.0.7
Check: package dependencies
Result: NOTE
    Packages which this enhances but not available for checking:
     'doMC' 'rPython'
Flavor: r-oldrel-windows-ix86+x86_64