CRAN Package Check Results for Package bigrquery

Last updated on 2020-06-06 19:48:13 CEST.

Flavor Version Tinstall Tcheck Ttotal Status Flags
r-devel-linux-x86_64-debian-clang 1.3.1 33.89 55.03 88.92 OK
r-devel-linux-x86_64-debian-gcc 1.3.1 23.24 42.17 65.41 OK
r-devel-linux-x86_64-fedora-clang 1.3.1 115.78 OK
r-devel-linux-x86_64-fedora-gcc 1.3.1 99.75 OK
r-devel-windows-ix86+x86_64 1.3.1 89.00 134.00 223.00 OK
r-patched-linux-x86_64 1.3.1 26.21 54.78 80.99 OK
r-patched-solaris-x86 1.3.1 120.90 WARN
r-release-linux-x86_64 1.3.1 28.18 54.18 82.36 OK
r-release-osx-x86_64 1.3.1 OK
r-release-windows-ix86+x86_64 1.3.1 84.00 135.00 219.00 OK
r-oldrel-osx-x86_64 1.3.1 OK
r-oldrel-windows-ix86+x86_64 1.3.1 83.00 133.00 216.00 OK

Check Details

Version: 1.3.1
Check: for unstated dependencies in ‘tests’
Result: WARN
    Warning in deparse(e[[2L]]) :
     it is not known that wchar_t is Unicode on this platform
    Warning in deparse(e[[2L]]) :
     it is not known that wchar_t is Unicode on this platform
Flavor: r-patched-solaris-x86