CRAN Package Check Results for Package blackbox

Last updated on 2020-07-13 23:49:17 CEST.

Flavor Version Tinstall Tcheck Ttotal Status Flags
r-devel-linux-x86_64-debian-clang 1.1.32 71.31 108.15 179.46 OK
r-devel-linux-x86_64-debian-gcc 1.1.32 55.03 83.77 138.80 OK
r-devel-linux-x86_64-fedora-clang 1.1.32 242.60 NOTE
r-devel-linux-x86_64-fedora-gcc 1.1.32 224.74 OK
r-devel-windows-ix86+x86_64 1.1.32 115.00 194.00 309.00 OK
r-patched-linux-x86_64 1.1.32 57.46 107.91 165.37 OK
r-patched-solaris-x86 1.1.32 239.30 OK
r-release-linux-x86_64 1.1.32 57.24 107.98 165.22 OK
r-release-macos-x86_64 1.1.32 ERROR
r-release-windows-ix86+x86_64 1.1.32 157.00 147.00 304.00 OK
r-oldrel-macos-x86_64 1.1.32 NOTE
r-oldrel-windows-ix86+x86_64 1.1.32 156.00 132.00 288.00 OK

Check Details

Version: 1.1.32
Check: installed package size
Result: NOTE
     installed size is 7.2Mb
     sub-directories of 1Mb or more:
     libs 6.6Mb
Flavors: r-devel-linux-x86_64-fedora-clang, r-oldrel-macos-x86_64

Version: 1.1.32
Check: whether package can be installed
Result: ERROR
    Installation failed.
Flavor: r-release-macos-x86_64