CRAN Package Check Results for Package blorr

Last updated on 2020-04-05 23:47:16 CEST.

Flavor Version Tinstall Tcheck Ttotal Status Flags
r-devel-linux-x86_64-debian-clang 0.2.2 35.81 215.76 251.57 OK
r-devel-linux-x86_64-debian-gcc 0.2.2 0.49 2.90 3.39 ERROR
r-devel-linux-x86_64-fedora-clang 0.2.2 309.49 OK
r-devel-linux-x86_64-fedora-gcc 0.2.2 304.22 OK
r-devel-windows-ix86+x86_64 0.2.2 58.00 340.00 398.00 OK
r-devel-windows-ix86+x86_64-gcc8 0.2.2 68.00 365.00 433.00 OK
r-patched-linux-x86_64 0.2.2 33.47 208.48 241.95 OK
r-patched-solaris-x86 0.2.2 456.60 OK
r-release-linux-x86_64 0.2.2 29.87 198.26 228.13 OK
r-release-windows-ix86+x86_64 0.2.2 76.00 505.00 581.00 OK
r-release-osx-x86_64 0.2.2 OK
r-oldrel-windows-ix86+x86_64 0.2.2 59.00 333.00 392.00 OK
r-oldrel-osx-x86_64 0.2.2 OK

Check Details

Version: 0.2.2
Check: whether package can be installed
Result: ERROR
    Installation failed.
Flavor: r-devel-linux-x86_64-debian-gcc