CRAN Package Check Results for Package bold

Last updated on 2020-06-06 03:48:22 CEST.

Flavor Version Tinstall Tcheck Ttotal Status Flags
r-devel-linux-x86_64-debian-clang 1.0.0 5.11 61.14 66.25 OK
r-devel-linux-x86_64-debian-gcc 1.0.0 3.60 48.37 51.97 OK
r-devel-linux-x86_64-fedora-clang 1.0.0 86.52 OK
r-devel-linux-x86_64-fedora-gcc 1.0.0 79.79 OK
r-devel-windows-ix86+x86_64 1.0.0 14.00 111.00 125.00 OK
r-patched-linux-x86_64 1.0.0 4.16 61.75 65.91 OK
r-patched-solaris-x86 1.0.0 124.50 OK
r-release-linux-x86_64 1.0.0 4.13 61.35 65.48 OK
r-release-osx-x86_64 1.0.0 NOTE
r-release-windows-ix86+x86_64 1.0.0 27.00 109.00 136.00 OK
r-oldrel-osx-x86_64 1.0.0 NOTE
r-oldrel-windows-ix86+x86_64 1.0.0 15.00 79.00 94.00 OK

Check Details

Version: 1.0.0
Check: package dependencies
Result: NOTE
    Package suggested but not available for checking: ‘sangerseqR’
Flavors: r-release-osx-x86_64, r-oldrel-osx-x86_64