CRAN Package Check Results for Package brotli

Last updated on 2020-08-04 11:50:19 CEST.

Flavor Version Tinstall Tcheck Ttotal Status Flags
r-devel-linux-x86_64-debian-clang 1.2 50.25 33.45 83.70 OK
r-devel-linux-x86_64-debian-gcc 1.2 27.28 25.98 53.26 OK
r-devel-linux-x86_64-fedora-clang 1.2 102.69 NOTE
r-devel-linux-x86_64-fedora-gcc 1.2 84.85 OK
r-devel-windows-ix86+x86_64 1.2 83.00 55.00 138.00 OK
r-patched-linux-x86_64 1.2 31.47 32.67 64.14 OK
r-patched-solaris-x86 1.2 128.30 NOTE
r-release-linux-x86_64 1.2 31.83 32.68 64.51 OK
r-release-macos-x86_64 1.2 OK
r-release-windows-ix86+x86_64 1.2 90.00 60.00 150.00 OK
r-oldrel-macos-x86_64 1.2 OK
r-oldrel-windows-ix86+x86_64 1.2 75.00 53.00 128.00 OK

Check Details

Version: 1.2
Check: installed package size
Result: NOTE
     installed size is 6.6Mb
     sub-directories of 1Mb or more:
     bin 2.7Mb
     doc 1.1Mb
     libs 2.6Mb
Flavors: r-devel-linux-x86_64-fedora-clang, r-patched-solaris-x86