CRAN Package Check Results for Package btb

Last updated on 2020-01-22 11:50:09 CET.

Flavor Version Tinstall Tcheck Ttotal Status Flags
r-devel-linux-x86_64-debian-clang 0.1.30 77.72 44.12 121.84 NOTE
r-devel-linux-x86_64-debian-gcc 0.1.30 54.91 35.18 90.09 NOTE
r-devel-linux-x86_64-fedora-clang 0.1.30 173.12 NOTE
r-devel-linux-x86_64-fedora-gcc 0.1.30 163.61 NOTE
r-devel-windows-ix86+x86_64 0.1.30 234.00 91.00 325.00 OK
r-devel-windows-ix86+x86_64-gcc8 0.1.30 228.00 93.00 321.00 OK
r-patched-linux-x86_64 0.1.30 65.78 40.63 106.41 OK
r-patched-solaris-x86 0.1.30 178.20 OK
r-release-linux-x86_64 0.1.30 63.81 40.67 104.48 OK
r-release-windows-ix86+x86_64 0.1.30 156.00 119.00 275.00 OK
r-release-osx-x86_64 0.1.30 OK
r-oldrel-windows-ix86+x86_64 0.1.30 140.00 75.00 215.00 OK
r-oldrel-osx-x86_64 0.1.30 OK

Additional issues

LTO

Check Details

Version: 0.1.30
Check: for non-standard things in the check directory
Result: NOTE
    Found the following files/directories:
     'irregularGrid.dbf' 'irregularGrid.prj' 'irregularGrid.shp'
     'irregularGrid.shx' 'regularGrid.dbf' 'regularGrid.prj'
     'regularGrid.shp' 'regularGrid.shx'
Flavors: r-devel-linux-x86_64-debian-clang, r-devel-linux-x86_64-debian-gcc, r-devel-linux-x86_64-fedora-clang, r-devel-linux-x86_64-fedora-gcc