CRAN Package Check Results for Package cartography

Last updated on 2020-02-23 07:49:17 CET.

Flavor Version Tinstall Tcheck Ttotal Status Flags
r-devel-linux-x86_64-debian-clang 2.3.0 26.22 139.32 165.54 OK
r-devel-linux-x86_64-debian-gcc 2.3.0 17.15 102.42 119.57 OK
r-devel-linux-x86_64-fedora-clang 2.3.0 195.19 OK
r-devel-linux-x86_64-fedora-gcc 2.3.0 196.13 OK
r-devel-windows-ix86+x86_64 2.3.0 37.00 222.00 259.00 OK
r-devel-windows-ix86+x86_64-gcc8 2.3.0 65.00 370.00 435.00 NOTE
r-patched-linux-x86_64 2.3.0 OK
r-patched-solaris-x86 2.3.0 234.00 OK
r-release-linux-x86_64 2.3.0 20.25 123.83 144.08 OK
r-release-windows-ix86+x86_64 2.3.0 41.00 242.00 283.00 OK
r-release-osx-x86_64 2.3.0 OK
r-oldrel-windows-ix86+x86_64 2.3.0 38.00 219.00 257.00 OK
r-oldrel-osx-x86_64 2.3.0 OK

Check Details

Version: 2.3.0
Check: installed package size
Result: NOTE
     installed size is 5.1Mb
     sub-directories of 1Mb or more:
     data 1.2Mb
     libs 2.0Mb
Flavor: r-devel-windows-ix86+x86_64-gcc8