CRAN Package Check Results for Package cccd

Last updated on 2020-07-10 03:47:14 CEST.

Flavor Version Tinstall Tcheck Ttotal Status Flags
r-devel-linux-x86_64-debian-clang 1.5 3.42 31.94 35.36 NOTE
r-devel-linux-x86_64-debian-gcc 1.5 3.04 25.45 28.49 NOTE
r-devel-linux-x86_64-fedora-clang 1.5 51.47 NOTE
r-devel-linux-x86_64-fedora-gcc 1.5 42.81 NOTE
r-devel-windows-ix86+x86_64 1.5 6.00 45.00 51.00 NOTE
r-patched-linux-x86_64 1.5 3.66 32.05 35.71 NOTE
r-patched-solaris-x86 1.5 66.10 NOTE
r-release-linux-x86_64 1.5 3.96 31.94 35.90 NOTE
r-release-osx-x86_64 1.5 NOTE
r-release-windows-ix86+x86_64 1.5 7.00 60.00 67.00 NOTE
r-oldrel-osx-x86_64 1.5 NOTE
r-oldrel-windows-ix86+x86_64 1.5 7.00 59.00 66.00 NOTE

Check Details

Version: 1.5
Check: R code for possible problems
Result: NOTE
    ccd.sequential: no visible global function definition for 'qchisq'
    dominate.random.sample: no visible global function definition for
     'runif'
    draw.circle: no visible global function definition for 'polygon'
    juggle2: no visible global function definition for 'rbinom'
    plot.cccd: no visible global function definition for 'gray'
    plot.cccd: no visible global function definition for 'points'
    plot.cccdClassifier: no visible global function definition for 'points'
    Undefined global functions or variables:
     gray points polygon qchisq rbinom runif
    Consider adding
     importFrom("grDevices", "gray")
     importFrom("graphics", "points", "polygon")
     importFrom("stats", "qchisq", "rbinom", "runif")
    to your NAMESPACE file.
Flavors: r-devel-linux-x86_64-debian-clang, r-devel-linux-x86_64-debian-gcc, r-devel-linux-x86_64-fedora-clang, r-devel-linux-x86_64-fedora-gcc, r-devel-windows-ix86+x86_64, r-patched-linux-x86_64, r-patched-solaris-x86, r-release-linux-x86_64, r-release-osx-x86_64, r-release-windows-ix86+x86_64

Version: 1.5
Check: R code for possible problems
Result: NOTE
    ccd.sequential: no visible global function definition for ‘qchisq’
    dominate.random.sample: no visible global function definition for
     ‘runif’
    draw.circle: no visible global function definition for ‘polygon’
    juggle2: no visible global function definition for ‘rbinom’
    plot.cccd: no visible global function definition for ‘gray’
    plot.cccd: no visible global function definition for ‘plot’
    plot.cccd: no visible global function definition for ‘points’
    plot.cccdClassifier: no visible global function definition for ‘points’
    plot.cccdClassifier: no visible global function definition for ‘plot’
    plot.ccd: no visible global function definition for ‘plot’
    Undefined global functions or variables:
     gray plot points polygon qchisq rbinom runif
    Consider adding
     importFrom("grDevices", "gray")
     importFrom("graphics", "plot", "points", "polygon")
     importFrom("stats", "qchisq", "rbinom", "runif")
    to your NAMESPACE file.
Flavors: r-oldrel-osx-x86_64, r-oldrel-windows-ix86+x86_64