CRAN Package Check Results for Package codified

Last updated on 2020-04-05 23:47:18 CEST.

Flavor Version Tinstall Tcheck Ttotal Status Flags
r-devel-linux-x86_64-debian-clang 0.2.0 3.27 40.74 44.01 OK
r-devel-linux-x86_64-debian-gcc 0.2.0 0.32 2.15 2.47 ERROR
r-devel-linux-x86_64-fedora-clang 0.2.0 52.53 NOTE
r-devel-linux-x86_64-fedora-gcc 0.2.0 47.12 NOTE
r-devel-windows-ix86+x86_64 0.2.0 12.00 49.00 61.00 OK
r-devel-windows-ix86+x86_64-gcc8 0.2.0 10.00 54.00 64.00 OK
r-patched-linux-x86_64 0.2.0 3.87 39.05 42.92 OK
r-patched-solaris-x86 0.2.0 79.20 NOTE
r-release-linux-x86_64 0.2.0 2.56 36.04 38.60 OK
r-release-windows-ix86+x86_64 0.2.0 7.00 85.00 92.00 OK
r-release-osx-x86_64 0.2.0 NOTE
r-oldrel-windows-ix86+x86_64 0.2.0 5.00 58.00 63.00 OK
r-oldrel-osx-x86_64 0.2.0 NOTE

Check Details

Version: 0.2.0
Check: whether package can be installed
Result: ERROR
    Installation failed.
Flavor: r-devel-linux-x86_64-debian-gcc

Version: 0.2.0
Check: dependencies in R code
Result: NOTE
    Namespaces in Imports field not imported from:
     ‘methods’ ‘readr’
     All declared Imports should be used.
Flavors: r-devel-linux-x86_64-fedora-clang, r-devel-linux-x86_64-fedora-gcc, r-patched-solaris-x86, r-release-osx-x86_64, r-oldrel-osx-x86_64