CRAN Package Check Results for Package collidr

Last updated on 2020-05-29 03:48:22 CEST.

Flavor Version Tinstall Tcheck Ttotal Status Flags
r-devel-linux-x86_64-debian-clang 0.1.2 5.90 42.83 48.73 OK
r-devel-linux-x86_64-debian-gcc 0.1.2 5.51 35.31 40.82 OK
r-devel-linux-x86_64-fedora-clang 0.1.2 60.84 NOTE
r-devel-linux-x86_64-fedora-gcc 0.1.2 60.23 NOTE
r-devel-windows-ix86+x86_64 0.1.2 19.00 57.00 76.00 OK
r-patched-linux-x86_64 0.1.2 5.97 44.61 50.58 OK
r-patched-solaris-x86 0.1.2 94.90 NOTE
r-release-linux-x86_64 0.1.2 5.61 44.58 50.19 OK
r-release-osx-x86_64 0.1.2 NOTE
r-release-windows-ix86+x86_64 0.1.2 12.00 78.00 90.00 OK
r-oldrel-osx-x86_64 0.1.2 NOTE
r-oldrel-windows-ix86+x86_64 0.1.2 13.00 60.00 73.00 OK

Check Details

Version: 0.1.2
Check: data for non-ASCII characters
Result: NOTE
     Note: found 237 marked UTF-8 strings
Flavors: r-devel-linux-x86_64-fedora-clang, r-devel-linux-x86_64-fedora-gcc, r-patched-solaris-x86, r-release-osx-x86_64, r-oldrel-osx-x86_64