CRAN Package Check Results for Package colorSpec

Last updated on 2020-03-31 07:48:22 CEST.

Flavor Version Tinstall Tcheck Ttotal Status Flags
r-devel-linux-x86_64-debian-clang 1.1-1 4.83 275.64 280.47 OK
r-devel-linux-x86_64-debian-gcc 1.1-1 3.67 215.48 219.15 OK
r-devel-linux-x86_64-fedora-clang 1.1-1 340.89 NOTE
r-devel-linux-x86_64-fedora-gcc 1.1-1 330.05 OK
r-devel-windows-ix86+x86_64 1.1-1 15.00 221.00 236.00 NOTE
r-devel-windows-ix86+x86_64-gcc8 1.1-1 9.00 237.00 246.00 NOTE
r-patched-linux-x86_64 1.1-1 4.81 270.57 275.38 OK
r-patched-solaris-x86 1.1-1 282.20 NOTE
r-release-linux-x86_64 1.1-1 3.71 254.71 258.42 OK
r-release-windows-ix86+x86_64 1.1-1 21.00 304.00 325.00 NOTE
r-release-osx-x86_64 1.1-1 NOTE
r-oldrel-windows-ix86+x86_64 1.1-1 16.00 284.00 300.00 NOTE
r-oldrel-osx-x86_64 1.1-1 NOTE

Check Details

Version: 1.1-1
Check: installed package size
Result: NOTE
     installed size is 5.5Mb
     sub-directories of 1Mb or more:
     doc 2.6Mb
     extdata 2.1Mb
Flavors: r-devel-linux-x86_64-fedora-clang, r-devel-windows-ix86+x86_64, r-devel-windows-ix86+x86_64-gcc8, r-patched-solaris-x86, r-release-windows-ix86+x86_64, r-release-osx-x86_64, r-oldrel-windows-ix86+x86_64, r-oldrel-osx-x86_64

Version: 1.1-1
Check: dependencies in R code
Result: NOTE
    No protocol specified
Flavors: r-release-osx-x86_64, r-oldrel-osx-x86_64