CRAN Package Check Results for Package dbfaker

Last updated on 2020-03-30 23:51:31 CEST.

Flavor Version Tinstall Tcheck Ttotal Status Flags
r-devel-linux-x86_64-debian-clang 0.1.0 4.00 37.29 41.29 NOTE
r-devel-linux-x86_64-debian-gcc 0.1.0 3.25 29.17 32.42 NOTE
r-devel-linux-x86_64-fedora-clang 0.1.0 49.91 OK
r-devel-linux-x86_64-fedora-gcc 0.1.0 48.26 OK
r-devel-windows-ix86+x86_64 0.1.0 15.00 53.00 68.00 NOTE
r-devel-windows-ix86+x86_64-gcc8 0.1.0 11.00 52.00 63.00 NOTE
r-patched-linux-x86_64 0.1.0 3.76 35.85 39.61 NOTE
r-patched-solaris-x86 0.1.0 77.70 OK
r-release-linux-x86_64 0.1.0 3.27 33.47 36.74 OK
r-release-windows-ix86+x86_64 0.1.0 18.00 74.00 92.00 NOTE
r-release-osx-x86_64 0.1.0 OK
r-oldrel-windows-ix86+x86_64 0.1.0 15.00 67.00 82.00 NOTE
r-oldrel-osx-x86_64 0.1.0 OK

Check Details

Version: 0.1.0
Check: package vignettes
Result: NOTE
    Package vignette with placeholder title 'Vignette Title':
     'verifyWrite.Rmd'
Flavors: r-devel-linux-x86_64-debian-clang, r-devel-linux-x86_64-debian-gcc, r-devel-windows-ix86+x86_64, r-devel-windows-ix86+x86_64-gcc8, r-patched-linux-x86_64

Version: 0.1.0
Check: package dependencies
Result: NOTE
    Package suggested but not available for checking: 'doMC'
Flavors: r-devel-windows-ix86+x86_64, r-devel-windows-ix86+x86_64-gcc8, r-release-windows-ix86+x86_64, r-oldrel-windows-ix86+x86_64