CRAN Package Check Results for Package deepdep

Last updated on 2020-07-14 03:47:42 CEST.

Flavor Version Tinstall Tcheck Ttotal Status Flags
r-devel-linux-x86_64-debian-clang 0.2.1 7.48 142.48 149.96 OK
r-devel-linux-x86_64-debian-gcc 0.2.1 5.29 110.96 116.25 OK
r-devel-linux-x86_64-fedora-clang 0.2.1 197.36 OK
r-devel-linux-x86_64-fedora-gcc 0.2.1 190.94 OK
r-devel-windows-ix86+x86_64 0.2.1 20.00 359.00 379.00 OK
r-patched-linux-x86_64 0.2.1 5.49 141.03 146.52 OK
r-patched-solaris-x86 0.2.1 275.50 OK
r-release-linux-x86_64 0.2.1 5.40 139.54 144.94 OK
r-release-macos-x86_64 0.2.1 ERROR
r-release-windows-ix86+x86_64 0.2.1 31.00 283.00 314.00 OK
r-oldrel-macos-x86_64 0.2.1 OK
r-oldrel-windows-ix86+x86_64 0.2.1 28.00 357.00 385.00 OK

Check Details

Version: 0.2.1
Check: whether package can be installed
Result: ERROR
    Installation failed.
Flavor: r-release-macos-x86_64