CRAN Package Check Results for Package dga

Last updated on 2020-03-29 19:48:27 CEST.

Flavor Version Tinstall Tcheck Ttotal Status Flags
r-devel-linux-x86_64-debian-clang 1.2 NOTE
r-devel-linux-x86_64-debian-gcc 1.2 2.32 23.72 26.04 NOTE
r-devel-linux-x86_64-fedora-clang 1.2 41.41 NOTE
r-devel-linux-x86_64-fedora-gcc 1.2 38.82 NOTE
r-devel-windows-ix86+x86_64 1.2 7.00 41.00 48.00 NOTE
r-devel-windows-ix86+x86_64-gcc8 1.2 6.00 47.00 53.00 NOTE
r-patched-linux-x86_64 1.2 2.84 31.21 34.05 NOTE
r-patched-solaris-x86 1.2 61.30 NOTE
r-release-linux-x86_64 1.2 2.23 28.79 31.02 NOTE
r-release-windows-ix86+x86_64 1.2 14.00 59.00 73.00 NOTE
r-release-osx-x86_64 1.2 NOTE
r-oldrel-windows-ix86+x86_64 1.2 6.00 58.00 64.00 NOTE
r-oldrel-osx-x86_64 1.2 NOTE

Check Details

Version: 1.2
Check: R code for possible problems
Result: NOTE
    makeAdjMatrix: no visible global function definition for 'combn'
    plotPosteriorN: no visible global function definition for 'title'
    plotPosteriorN: no visible global function definition for 'lines'
    plotPosteriorN: no visible global function definition for 'legend'
    venn3: no visible global function definition for 'runif'
    venn3: no visible global function definition for 'points'
    venn3: no visible global function definition for 'lines'
    venn3: no visible global function definition for 'text'
    venn4: no visible global function definition for 'lines'
    venn4: no visible global function definition for 'runif'
    venn4: no visible global function definition for 'points'
    Undefined global functions or variables:
     combn legend lines points runif text title
    Consider adding
     importFrom("graphics", "legend", "lines", "points", "text", "title")
     importFrom("stats", "runif")
     importFrom("utils", "combn")
    to your NAMESPACE file.
Flavors: r-devel-linux-x86_64-debian-clang, r-devel-linux-x86_64-debian-gcc, r-devel-linux-x86_64-fedora-clang, r-devel-linux-x86_64-fedora-gcc, r-devel-windows-ix86+x86_64, r-devel-windows-ix86+x86_64-gcc8, r-patched-linux-x86_64, r-patched-solaris-x86

Version: 1.2
Check: R code for possible problems
Result: NOTE
    makeAdjMatrix: no visible global function definition for ‘combn’
    plotPosteriorN: no visible global function definition for ‘plot’
    plotPosteriorN: no visible global function definition for ‘title’
    plotPosteriorN: no visible global function definition for ‘lines’
    plotPosteriorN: no visible global function definition for ‘legend’
    venn3: no visible global function definition for ‘plot’
    venn3: no visible global function definition for ‘runif’
    venn3: no visible global function definition for ‘points’
    venn3: no visible global function definition for ‘lines’
    venn3: no visible global function definition for ‘text’
    venn4: no visible global function definition for ‘plot’
    venn4: no visible global function definition for ‘lines’
    venn4: no visible global function definition for ‘runif’
    venn4: no visible global function definition for ‘points’
    Undefined global functions or variables:
     combn legend lines plot points runif text title
    Consider adding
     importFrom("graphics", "legend", "lines", "plot", "points", "text",
     "title")
     importFrom("stats", "runif")
     importFrom("utils", "combn")
    to your NAMESPACE file.
Flavors: r-release-linux-x86_64, r-release-windows-ix86+x86_64, r-release-osx-x86_64, r-oldrel-windows-ix86+x86_64, r-oldrel-osx-x86_64