CRAN Package Check Results for Package diseasemapping

Last updated on 2020-01-22 11:50:12 CET.

Flavor Version Tinstall Tcheck Ttotal Status Flags
r-devel-linux-x86_64-debian-clang 1.4.6 5.69 82.83 88.52 NOTE
r-devel-linux-x86_64-debian-gcc 1.4.6 5.10 64.95 70.05 NOTE
r-devel-linux-x86_64-fedora-clang 1.4.6 163.24 OK
r-devel-linux-x86_64-fedora-gcc 1.4.6 141.34 OK
r-devel-windows-ix86+x86_64 1.4.6 19.00 131.00 150.00 OK
r-devel-windows-ix86+x86_64-gcc8 1.4.6 17.00 107.00 124.00 OK
r-patched-linux-x86_64 1.4.6 5.00 74.92 79.92 NOTE
r-patched-solaris-x86 1.4.6 145.50 NOTE
r-release-linux-x86_64 1.4.6 5.09 74.96 80.05 NOTE
r-release-windows-ix86+x86_64 1.4.6 17.00 90.00 107.00 OK
r-release-osx-x86_64 1.4.6 NOTE
r-oldrel-windows-ix86+x86_64 1.4.6 7.00 83.00 90.00 OK
r-oldrel-osx-x86_64 1.4.6 NOTE

Check Details

Version: 1.4.6
Check: package dependencies
Result: NOTE
    Package which this enhances but not available for checking: 'INLA'
Flavors: r-devel-linux-x86_64-debian-clang, r-devel-linux-x86_64-debian-gcc, r-patched-linux-x86_64, r-patched-solaris-x86, r-release-linux-x86_64, r-release-osx-x86_64, r-oldrel-osx-x86_64