CRAN Package Check Results for Package dockerfiler

Last updated on 2020-07-13 19:48:24 CEST.

Flavor Version Tinstall Tcheck Ttotal Status Flags
r-devel-linux-x86_64-debian-clang 0.1.3 2.78 26.25 29.03 OK
r-devel-linux-x86_64-debian-gcc 0.1.3 2.54 22.07 24.61 OK
r-devel-linux-x86_64-fedora-clang 0.1.3 46.02 OK
r-devel-linux-x86_64-fedora-gcc 0.1.3 37.19 OK
r-devel-windows-ix86+x86_64 0.1.3 9.00 50.00 59.00 OK
r-patched-linux-x86_64 0.1.3 3.44 26.41 29.85 OK
r-patched-solaris-x86 0.1.3 55.90 OK
r-release-linux-x86_64 0.1.3 3.25 26.47 29.72 OK
r-release-macos-x86_64 0.1.3 ERROR
r-release-windows-ix86+x86_64 0.1.3 10.00 40.00 50.00 OK
r-oldrel-macos-x86_64 0.1.3 OK
r-oldrel-windows-ix86+x86_64 0.1.3 9.00 35.00 44.00 OK

Check Details

Version: 0.1.3
Check: whether package can be installed
Result: ERROR
    Installation failed.
Flavor: r-release-macos-x86_64