CRAN Package Check Results for Package egcm

Last updated on 2020-07-13 19:48:25 CEST.

Flavor Version Tinstall Tcheck Ttotal Status Flags
r-devel-linux-x86_64-debian-clang 1.0.12 6.17 58.70 64.87 OK
r-devel-linux-x86_64-debian-gcc 1.0.12 5.56 45.63 51.19 OK
r-devel-linux-x86_64-fedora-clang 1.0.12 87.89 OK
r-devel-linux-x86_64-fedora-gcc 1.0.12 82.06 OK
r-devel-windows-ix86+x86_64 1.0.12 17.00 98.00 115.00 OK
r-patched-linux-x86_64 1.0.12 5.82 57.41 63.23 OK
r-patched-solaris-x86 1.0.12 113.70 OK
r-release-linux-x86_64 1.0.12 7.30 58.01 65.31 OK
r-release-macos-x86_64 1.0.12 ERROR
r-release-windows-ix86+x86_64 1.0.12 29.00 71.00 100.00 OK
r-oldrel-macos-x86_64 1.0.12 OK
r-oldrel-windows-ix86+x86_64 1.0.12 20.00 66.00 86.00 OK

Check Details

Version: 1.0.12
Check: whether package can be installed
Result: ERROR
    Installation failed.
Flavor: r-release-macos-x86_64