CRAN Package Check Results for Package emld

Last updated on 2020-06-02 15:48:57 CEST.

Flavor Version Tinstall Tcheck Ttotal Status Flags
r-devel-linux-x86_64-debian-clang 0.4.0 6.56 96.65 103.21 OK
r-devel-linux-x86_64-debian-gcc 0.4.0 4.59 73.86 78.45 OK
r-devel-linux-x86_64-fedora-clang 0.4.0 107.31 OK
r-devel-linux-x86_64-fedora-gcc 0.4.0 99.33 OK
r-devel-windows-ix86+x86_64 0.4.0 16.00 149.00 165.00 OK
r-patched-linux-x86_64 0.4.0 6.91 95.43 102.34 OK
r-patched-solaris-x86 0.4.0 140.30 NOTE
r-release-linux-x86_64 0.4.0 6.65 96.53 103.18 OK
r-release-osx-x86_64 0.4.0 OK
r-release-windows-ix86+x86_64 0.4.0 14.00 110.00 124.00 OK
r-oldrel-osx-x86_64 0.4.0 OK
r-oldrel-windows-ix86+x86_64 0.4.0 18.00 114.00 132.00 OK

Check Details

Version: 0.4.0
Check: installed package size
Result: NOTE
     installed size is 5.2Mb
     sub-directories of 1Mb or more:
     xsd 4.1Mb
Flavor: r-patched-solaris-x86