CRAN Package Check Results for Package emuR

Last updated on 2020-06-01 15:47:42 CEST.

Flavor Version Tinstall Tcheck Ttotal Status Flags
r-devel-linux-x86_64-debian-clang 2.0.4 21.18 260.89 282.07 OK
r-devel-linux-x86_64-debian-gcc 2.0.4 18.02 192.91 210.93 OK
r-devel-linux-x86_64-fedora-clang 2.0.4 336.95 NOTE
r-devel-linux-x86_64-fedora-gcc 2.0.4 329.45 OK
r-devel-windows-ix86+x86_64 2.0.4 51.00 342.00 393.00 OK
r-patched-linux-x86_64 2.0.4 20.94 254.90 275.84 OK
r-patched-solaris-x86 2.0.4 391.60 OK
r-release-linux-x86_64 2.0.4 21.04 258.97 280.01 OK
r-release-osx-x86_64 2.0.4 OK
r-release-windows-ix86+x86_64 2.0.4 36.00 349.00 385.00 OK
r-oldrel-osx-x86_64 2.0.4 OK
r-oldrel-windows-ix86+x86_64 2.0.4 30.00 260.00 290.00 OK

Check Details

Version: 2.0.4
Check: package dependencies
Result: NOTE
    Imports includes 21 non-default packages.
    Importing from so many packages makes the package vulnerable to any of
    them becoming unavailable. Move as many as possible to Suggests and
    use conditionally.
Flavor: r-devel-linux-x86_64-fedora-clang