CRAN Package Check Results for Package estudy2

Last updated on 2020-07-13 23:49:26 CEST.

Flavor Version Tinstall Tcheck Ttotal Status Flags
r-devel-linux-x86_64-debian-clang 0.9.2 22.11 46.55 68.66 OK
r-devel-linux-x86_64-debian-gcc 0.9.2 14.75 36.70 51.45 OK
r-devel-linux-x86_64-fedora-clang 0.9.2 92.80 OK
r-devel-linux-x86_64-fedora-gcc 0.9.2 85.16 OK
r-devel-windows-ix86+x86_64 0.9.2 44.00 110.00 154.00 OK
r-patched-linux-x86_64 0.9.2 15.26 45.81 61.07 OK
r-patched-solaris-x86 0.9.2 100.80 OK
r-release-linux-x86_64 0.9.2 16.25 46.30 62.55 OK
r-release-macos-x86_64 0.9.2 ERROR
r-release-windows-ix86+x86_64 0.9.2 55.00 85.00 140.00 OK
r-oldrel-macos-x86_64 0.9.2 OK
r-oldrel-windows-ix86+x86_64 0.9.2 56.00 76.00 132.00 OK

Check Details

Version: 0.9.2
Check: whether package can be installed
Result: ERROR
    Installation failed.
Flavor: r-release-macos-x86_64