CRAN Package Check Results for Package flamingos

Last updated on 2020-01-22 11:50:14 CET.

Flavor Version Tinstall Tcheck Ttotal Status Flags
r-devel-linux-x86_64-debian-clang 0.1.0 62.09 166.15 228.24 OK
r-devel-linux-x86_64-debian-gcc 0.1.0 45.47 122.84 168.31 OK
r-devel-linux-x86_64-fedora-clang 0.1.0 284.21 NOTE
r-devel-linux-x86_64-fedora-gcc 0.1.0 295.31 OK
r-devel-windows-ix86+x86_64 0.1.0 158.00 337.00 495.00 NOTE
r-devel-windows-ix86+x86_64-gcc8 0.1.0 167.00 266.00 433.00 NOTE
r-patched-linux-x86_64 0.1.0 49.61 151.38 200.99 OK
r-patched-solaris-x86 0.1.0 420.30 NOTE
r-release-linux-x86_64 0.1.0 49.49 152.43 201.92 OK
r-release-windows-ix86+x86_64 0.1.0 147.00 241.00 388.00 NOTE
r-release-osx-x86_64 0.1.0 NOTE
r-oldrel-windows-ix86+x86_64 0.1.0 112.00 245.00 357.00 NOTE
r-oldrel-osx-x86_64 0.1.0 NOTE

Check Details

Version: 0.1.0
Check: installed package size
Result: NOTE
     installed size is 7.4Mb
     sub-directories of 1Mb or more:
     doc 1.9Mb
     help 2.3Mb
     libs 2.8Mb
Flavors: r-devel-linux-x86_64-fedora-clang, r-devel-windows-ix86+x86_64, r-devel-windows-ix86+x86_64-gcc8, r-patched-solaris-x86, r-release-windows-ix86+x86_64, r-release-osx-x86_64, r-oldrel-windows-ix86+x86_64, r-oldrel-osx-x86_64