CRAN Package Check Results for Package fsMTS

Last updated on 2020-07-13 19:48:27 CEST.

Flavor Version Tinstall Tcheck Ttotal Status Flags
r-devel-linux-x86_64-debian-clang 0.1.5 2.58 141.36 143.94 OK
r-devel-linux-x86_64-debian-gcc 0.1.5 2.26 101.59 103.85 OK
r-devel-linux-x86_64-fedora-clang 0.1.5 171.82 OK
r-devel-linux-x86_64-fedora-gcc 0.1.5 160.53 OK
r-devel-windows-ix86+x86_64 0.1.5 8.00 129.00 137.00 OK
r-patched-linux-x86_64 0.1.5 3.03 126.26 129.29 OK
r-patched-solaris-x86 0.1.5 328.00 OK
r-release-linux-x86_64 0.1.5 2.91 127.13 130.04 OK
r-release-macos-x86_64 0.1.5 FAIL
r-release-windows-ix86+x86_64 0.1.5 8.00 98.00 106.00 OK
r-oldrel-macos-x86_64 0.1.5 OK
r-oldrel-windows-ix86+x86_64 0.1.5 7.00 136.00 143.00 OK

Check Details

Version: 0.1.5
Check: DESCRIPTION meta-information
Result: FAIL
Flavor: r-release-macos-x86_64