CRAN Package Check Results for Package gdalcubes

Last updated on 2020-06-05 23:49:19 CEST.

Flavor Version Tinstall Tcheck Ttotal Status Flags
r-devel-linux-x86_64-debian-clang 0.2.5 416.76 56.49 473.25 OK
r-devel-linux-x86_64-debian-gcc 0.2.5 399.64 44.61 444.25 OK
r-devel-linux-x86_64-fedora-clang 0.2.5 641.96 NOTE
r-devel-linux-x86_64-fedora-gcc 0.2.5 732.03 OK
r-devel-windows-ix86+x86_64 0.2.5 1042.00 404.00 1446.00 NOTE
r-patched-linux-x86_64 0.2.5 406.98 57.53 464.51 OK
r-patched-solaris-x86 0.2.5 516.80 NOTE
r-release-linux-x86_64 0.2.5 409.92 57.47 467.39 OK
r-release-osx-x86_64 0.2.5 NOTE
r-release-windows-ix86+x86_64 0.2.5 839.00 414.00 1253.00 NOTE
r-oldrel-osx-x86_64 0.2.5 NOTE
r-oldrel-windows-ix86+x86_64 0.2.5 1024.00 465.00 1489.00 NOTE

Check Details

Version: 0.2.5
Check: installed package size
Result: NOTE
     installed size is 45.7Mb
     sub-directories of 1Mb or more:
     L8NY18 2.3Mb
     libs 42.1Mb
Flavors: r-devel-linux-x86_64-fedora-clang, r-devel-windows-ix86+x86_64, r-patched-solaris-x86, r-release-osx-x86_64, r-release-windows-ix86+x86_64, r-oldrel-osx-x86_64, r-oldrel-windows-ix86+x86_64