CRAN Package Check Results for Package geoR

Last updated on 2020-02-20 23:47:28 CET.

Flavor Version Tinstall Tcheck Ttotal Status Flags
r-devel-linux-x86_64-debian-clang 1.8-1 36.74 148.32 185.06 OK
r-devel-linux-x86_64-debian-gcc 1.8-1 26.04 110.39 136.43 OK
r-devel-linux-x86_64-fedora-clang 1.8-1 220.83 OK
r-devel-linux-x86_64-fedora-gcc 1.8-1 218.44 OK
r-devel-windows-ix86+x86_64 1.8-1 29.00 167.00 196.00 OK
r-devel-windows-ix86+x86_64-gcc8 1.8-1 55.00 226.00 281.00 OK
r-patched-linux-x86_64 1.8-1 30.08 133.77 163.85 OK
r-patched-solaris-x86 1.8-1 259.70 OK
r-release-linux-x86_64 1.8-1 32.16 134.29 166.45 OK
r-release-windows-ix86+x86_64 1.8-1 36.00 164.00 200.00 OK
r-release-osx-x86_64 1.8-1 WARN
r-oldrel-windows-ix86+x86_64 1.8-1 50.00 183.00 233.00 OK
r-oldrel-osx-x86_64 1.8-1 WARN

Check Details

Version: 1.8-1
Check: dependencies in R code
Result: NOTE
    No protocol specified
    No protocol specified
Flavors: r-release-osx-x86_64, r-oldrel-osx-x86_64

Version: 1.8-1
Check: S3 generic/method consistency
Result: WARN
    No protocol specified
    No protocol specified
    See section ‘Generic functions and methods’ in the ‘Writing R
    Extensions’ manual.
Flavors: r-release-osx-x86_64, r-oldrel-osx-x86_64

Version: 1.8-1
Check: replacement functions
Result: WARN
    No protocol specified
    No protocol specified
    The argument of a replacement function which corresponds to the right
    hand side must be named ‘value’.
Flavors: r-release-osx-x86_64, r-oldrel-osx-x86_64

Version: 1.8-1
Check: foreign function calls
Result: NOTE
    No protocol specified
    No protocol specified
    See chapter ‘System and foreign language interfaces’ in the ‘Writing R
    Extensions’ manual.
Flavors: r-release-osx-x86_64, r-oldrel-osx-x86_64

Version: 1.8-1
Check: R code for possible problems
Result: NOTE
    No protocol specified
    No protocol specified
Flavors: r-release-osx-x86_64, r-oldrel-osx-x86_64

Version: 1.8-1
Check: for missing documentation entries
Result: WARN
    No protocol specified
    No protocol specified
    All user-level objects in a package should have documentation entries.
    See chapter ‘Writing R documentation files’ in the ‘Writing R
    Extensions’ manual.
Flavors: r-release-osx-x86_64, r-oldrel-osx-x86_64

Version: 1.8-1
Check: for code/documentation mismatches
Result: WARN
    No protocol specified
    No protocol specified
    No protocol specified
    No protocol specified
    No protocol specified
    No protocol specified
Flavors: r-release-osx-x86_64, r-oldrel-osx-x86_64

Version: 1.8-1
Check: Rd \usage sections
Result: NOTE
    No protocol specified
    No protocol specified
    The \usage entries for S3 methods should use the \method markup and not
    their full name.
    See chapter ‘Writing R documentation files’ in the ‘Writing R
    Extensions’ manual.
Flavors: r-release-osx-x86_64, r-oldrel-osx-x86_64