CRAN Package Check Results for Package geofacet

Last updated on 2020-07-13 23:49:29 CEST.

Flavor Version Tinstall Tcheck Ttotal Status Flags
r-devel-linux-x86_64-debian-clang 0.2.0 8.40 247.62 256.02 OK
r-devel-linux-x86_64-debian-gcc 0.2.0 7.39 180.73 188.12 OK
r-devel-linux-x86_64-fedora-clang 0.2.0 296.50 NOTE
r-devel-linux-x86_64-fedora-gcc 0.2.0 303.19 NOTE
r-devel-windows-ix86+x86_64 0.2.0 22.00 306.00 328.00 OK
r-patched-linux-x86_64 0.2.0 8.42 235.26 243.68 OK
r-patched-solaris-x86 0.2.0 376.60 NOTE
r-release-linux-x86_64 0.2.0 8.56 236.87 245.43 OK
r-release-macos-x86_64 0.2.0 ERROR
r-release-windows-ix86+x86_64 0.2.0 35.00 222.00 257.00 OK
r-oldrel-macos-x86_64 0.2.0 NOTE
r-oldrel-windows-ix86+x86_64 0.2.0 28.00 259.00 287.00 OK

Check Details

Version: 0.2.0
Check: dependencies in R code
Result: NOTE
    Namespace in Imports field not imported from: ‘sf’
     All declared Imports should be used.
Flavors: r-devel-linux-x86_64-fedora-clang, r-devel-linux-x86_64-fedora-gcc, r-patched-solaris-x86, r-oldrel-macos-x86_64

Version: 0.2.0
Check: data for non-ASCII characters
Result: NOTE
     Note: found 646 marked UTF-8 strings
Flavors: r-devel-linux-x86_64-fedora-clang, r-devel-linux-x86_64-fedora-gcc, r-patched-solaris-x86, r-oldrel-macos-x86_64

Version: 0.2.0
Check: whether package can be installed
Result: ERROR
    Installation failed.
Flavor: r-release-macos-x86_64