CRAN Package Check Results for Package ggimage

Last updated on 2020-05-30 03:47:52 CEST.

Flavor Version Tinstall Tcheck Ttotal Status Flags
r-devel-linux-x86_64-debian-clang 0.2.8 5.09 45.09 50.18 OK
r-devel-linux-x86_64-debian-gcc 0.2.8 4.00 35.39 39.39 OK
r-devel-linux-x86_64-fedora-clang 0.2.8 64.86 OK
r-devel-linux-x86_64-fedora-gcc 0.2.8 59.40 OK
r-devel-windows-ix86+x86_64 0.2.8 19.00 88.00 107.00 OK
r-patched-linux-x86_64 0.2.8 5.17 43.95 49.12 OK
r-patched-solaris-x86 0.2.8 93.20 NOTE
r-release-linux-x86_64 0.2.8 4.90 44.13 49.03 OK
r-release-osx-x86_64 0.2.8 NOTE
r-release-windows-ix86+x86_64 0.2.8 14.00 86.00 100.00 OK
r-oldrel-osx-x86_64 0.2.8 OK
r-oldrel-windows-ix86+x86_64 0.2.8 11.00 60.00 71.00 OK

Check Details

Version: 0.2.8
Check: package dependencies
Result: NOTE
    Package suggested but not available for checking: ‘rsvg’
Flavor: r-patched-solaris-x86

Version: 0.2.8
Check: package dependencies
Result: NOTE
    Package suggested but not available for checking: ‘ggtree’
Flavor: r-release-osx-x86_64