CRAN Package Check Results for Package ggmcmc

Last updated on 2020-04-05 23:47:26 CEST.

Flavor Version Tinstall Tcheck Ttotal Status Flags
r-devel-linux-x86_64-debian-clang 1.4.1 8.97 150.62 159.59 OK
r-devel-linux-x86_64-debian-gcc 1.4.1 0.39 2.39 2.78 ERROR
r-devel-linux-x86_64-fedora-clang 1.4.1 184.46 OK
r-devel-linux-x86_64-fedora-gcc 1.4.1 107.47 OK
r-devel-windows-ix86+x86_64 1.4.1 25.00 222.00 247.00 OK
r-devel-windows-ix86+x86_64-gcc8 1.3 17.00 136.00 153.00 OK
r-patched-linux-x86_64 1.4.1 8.45 139.87 148.32 OK
r-patched-solaris-x86 1.4.1 251.10 OK
r-release-linux-x86_64 1.4.1 7.14 144.84 151.98 OK
r-release-windows-ix86+x86_64 1.4.1 21.00 190.00 211.00 OK
r-release-osx-x86_64 1.3 OK
r-oldrel-windows-ix86+x86_64 1.3 11.00 177.00 188.00 OK
r-oldrel-osx-x86_64 1.3 OK

Check Details

Version: 1.4.1
Check: whether package can be installed
Result: ERROR
    Installation failed.
Flavor: r-devel-linux-x86_64-debian-gcc