CRAN Package Check Results for Package gh

Last updated on 2020-07-13 23:49:30 CEST.

Flavor Version Tinstall Tcheck Ttotal Status Flags
r-devel-linux-x86_64-debian-clang 1.1.0 3.42 29.68 33.10 OK
r-devel-linux-x86_64-debian-gcc 1.1.0 3.29 23.61 26.90 OK
r-devel-linux-x86_64-fedora-clang 1.1.0 49.43 OK
r-devel-linux-x86_64-fedora-gcc 1.1.0 41.49 OK
r-devel-windows-ix86+x86_64 1.1.0 8.00 59.00 67.00 OK
r-patched-linux-x86_64 1.1.0 4.66 29.39 34.05 OK
r-patched-solaris-x86 1.1.0 58.50 OK
r-release-linux-x86_64 1.1.0 3.99 29.31 33.30 OK
r-release-macos-x86_64 1.1.0 FAIL
r-release-windows-ix86+x86_64 1.1.0 14.00 43.00 57.00 OK
r-oldrel-macos-x86_64 1.1.0 OK
r-oldrel-windows-ix86+x86_64 1.1.0 11.00 42.00 53.00 OK

Check Details

Version: 1.1.0
Check: Rd \usage sections
Result: NOTE
    Warning in file(open = "w+") :
     cannot open file '/Volumes/Temp/tmp/RtmpE14gn9/Rf503a58c71f54': No such file or directory
    Error in file(open = "w+") : cannot open the connection
    Calls: <Anonymous> -> .load_package_quietly -> .try_quietly -> file
    Execution halted
    The \usage entries for S3 methods should use the \method markup and not
    their full name.
    See chapter ‘Writing R documentation files’ in the ‘Writing R
    Extensions’ manual.
Flavor: r-release-macos-x86_64

Version: 1.1.0
Check: Rd contents
Result: FAIL
Flavor: r-release-macos-x86_64