CRAN Package Check Results for Package gtrendsR

Last updated on 2020-06-06 23:47:07 CEST.

Flavor Version Tinstall Tcheck Ttotal Status Flags
r-devel-linux-x86_64-debian-clang 1.4.6 6.19 44.48 50.67 ERROR
r-devel-linux-x86_64-debian-gcc 1.4.6 5.41 35.40 40.81 OK
r-devel-linux-x86_64-fedora-clang 1.4.6 70.17 OK
r-devel-linux-x86_64-fedora-gcc 1.4.6 59.48 OK
r-devel-windows-ix86+x86_64 1.4.6 21.00 154.00 175.00 OK
r-patched-linux-x86_64 1.4.6 6.04 43.50 49.54 OK
r-patched-solaris-x86 1.4.6 90.60 OK
r-release-linux-x86_64 1.4.6 6.75 44.27 51.02 OK
r-release-osx-x86_64 1.4.6 OK
r-release-windows-ix86+x86_64 1.4.6 18.00 135.00 153.00 OK
r-oldrel-osx-x86_64 1.4.6 OK
r-oldrel-windows-ix86+x86_64 1.4.6 16.00 159.00 175.00 OK

Check Details

Version: 1.4.6
Check: tests
Result: ERROR
     Running 'tinytest.R' [3s/80s]
    Running the tests in 'tests/tinytest.R' failed.
    Complete output:
     >
     > if ( requireNamespace("tinytest", quietly=TRUE) ){
     + tinytest::test_package("gtrendsR")
     + }
    
     Running test_encoding_does_not_change.R 0 tests
     Running test_encoding_does_not_change.R 0 tests
     Running test_encoding_does_not_change.R 0 tests
     Running test_encoding_does_not_change.R 1 tests <1b>[0;31m1 fails<1b>[0m
    
     Running test_gprop.R.................. 0 tests
     Running test_gprop.R.................. 0 tests
     Running test_gprop.R.................. 1 tests <1b>[0;32mOK<1b>[0m
     Running test_gprop.R.................. 2 tests <1b>[0;32mOK<1b>[0m
     Running test_gprop.R.................. 3 tests <1b>[0;32mOK<1b>[0m
     Running test_gprop.R.................. 4 tests <1b>[0;32mOK<1b>[0m
     Running test_gprop.R.................. 5 tests <1b>[0;32mOK<1b>[0m
     Running test_gprop.R.................. 6 tests <1b>[0;32mOK<1b>[0m
     Running test_gprop.R.................. 6 tests <1b>[0;32mOK<1b>[0m
     Running test_gprop.R.................. 7 tests <1b>[0;32mOK<1b>[0m
     Running test_gprop.R.................. 8 tests <1b>[0;32mOK<1b>[0m
     Running test_gprop.R.................. 9 tests <1b>[0;32mOK<1b>[0m
     Running test_gprop.R.................. 10 tests <1b>[0;32mOK<1b>[0m
     Running test_gprop.R.................. 11 tests <1b>[0;32mOK<1b>[0m
     Running test_gprop.R.................. 12 tests <1b>[0;32mOK<1b>[0m
     Running test_gprop.R.................. 12 tests <1b>[0;32mOK<1b>[0m
     Running test_gprop.R.................. 13 tests <1b>[0;32mOK<1b>[0m
     Running test_gprop.R.................. 14 tests <1b>[0;32mOK<1b>[0m
     Running test_gprop.R.................. 15 tests <1b>[0;32mOK<1b>[0m
     Running test_gprop.R.................. 16 tests <1b>[0;32mOK<1b>[0m
     Running test_gprop.R.................. 17 tests <1b>[0;32mOK<1b>[0m
     Running test_gprop.R.................. 18 tests <1b>[0;32mOK<1b>[0m
     Running test_gprop.R.................. 18 tests <1b>[0;32mOK<1b>[0m
     Running test_gprop.R.................. 19 tests <1b>[0;32mOK<1b>[0m
     Running test_gprop.R.................. 20 tests <1b>[0;32mOK<1b>[0m
     Running test_gprop.R.................. 21 tests <1b>[0;32mOK<1b>[0m
     Running test_gprop.R.................. 22 tests <1b>[0;32mOK<1b>[0m
     Running test_gprop.R.................. 23 tests <1b>[0;32mOK<1b>[0m
     Running test_gprop.R.................. 24 tests <1b>[0;32mOK<1b>[0m
     Running test_gprop.R.................. 24 tests <1b>[0;32mOK<1b>[0m
     Running test_gprop.R.................. 25 tests <1b>[0;32mOK<1b>[0m
     Running test_gprop.R.................. 26 tests <1b>[0;32mOK<1b>[0m
     Running test_gprop.R.................. 27 tests <1b>[0;32mOK<1b>[0m
     Running test_gprop.R.................. 28 tests <1b>[0;32mOK<1b>[0m
     Running test_gprop.R.................. 29 tests <1b>[0;32mOK<1b>[0m
     Running test_gprop.R.................. 30 tests <1b>[0;32mOK<1b>[0m
    
     Running test_not_empty_results.R...... 0 tests
     Running test_not_empty_results.R...... 0 tests
     Running test_not_empty_results.R...... 1 tests <1b>[0;32mOK<1b>[0m
     Running test_not_empty_results.R...... 2 tests <1b>[0;32mOK<1b>[0m
     Running test_not_empty_results.R...... 3 tests <1b>[0;32mOK<1b>[0m
     Running test_not_empty_results.R...... 4 tests <1b>[0;32mOK<1b>[0m
     Running test_not_empty_results.R...... 5 tests <1b>[0;32mOK<1b>[0m
     Running test_not_empty_results.R...... 6 tests <1b>[0;32mOK<1b>[0m
     Running test_not_empty_results.R...... 7 tests <1b>[0;32mOK<1b>[0m
     Running test_not_empty_results.R...... 7 tests <1b>[0;32mOK<1b>[0m
     Running test_not_empty_results.R...... 8 tests <1b>[0;32mOK<1b>[0m
     Running test_not_empty_results.R...... 8 tests <1b>[0;32mOK<1b>[0m
     Running test_not_empty_results.R...... 8 tests <1b>[0;32mOK<1b>[0m
     Running test_not_empty_results.R...... 9 tests <1b>[0;32mOK<1b>[0m
     Running test_not_empty_results.R...... 10 tests <1b>[0;32mOK<1b>[0m
     Running test_not_empty_results.R...... 11 tests <1b>[0;32mOK<1b>[0m
     Running test_not_empty_results.R...... 12 tests <1b>[0;32mOK<1b>[0m
     Running test_not_empty_results.R...... 13 tests <1b>[0;32mOK<1b>[0m
     Running test_not_empty_results.R...... 14 tests <1b>[0;32mOK<1b>[0m
    
     Running test_timespans.R.............. 0 tests
     Running test_timespans.R.............. 0 tests
     Running test_timespans.R.............. 1 tests <1b>[0;32mOK<1b>[0m
     Running test_timespans.R.............. 2 tests <1b>[0;32mOK<1b>[0m
     Running test_timespans.R.............. 3 tests <1b>[0;32mOK<1b>[0m
     Running test_timespans.R.............. 4 tests <1b>[0;32mOK<1b>[0m
     Running test_timespans.R.............. 5 tests <1b>[0;32mOK<1b>[0m
     Running test_timespans.R.............. 6 tests <1b>[0;32mOK<1b>[0m
     Running test_timespans.R.............. 6 tests <1b>[0;32mOK<1b>[0m
     Running test_timespans.R.............. 7 tests <1b>[0;32mOK<1b>[0m
     Running test_timespans.R.............. 8 tests <1b>[0;32mOK<1b>[0m
     Running test_timespans.R.............. 9 tests <1b>[0;32mOK<1b>[0m
     Running test_timespans.R.............. 10 tests <1b>[0;32mOK<1b>[0m
     Running test_timespans.R.............. 11 tests <1b>[0;32mOK<1b>[0m
     Running test_timespans.R.............. 12 tests <1b>[0;32mOK<1b>[0m
     Running test_timespans.R.............. 12 tests <1b>[0;32mOK<1b>[0m
     Running test_timespans.R.............. 13 tests <1b>[0;32mOK<1b>[0m
     Running test_timespans.R.............. 14 tests <1b>[0;32mOK<1b>[0m
     Running test_timespans.R.............. 15 tests <1b>[0;32mOK<1b>[0m
     Running test_timespans.R.............. 16 tests <1b>[0;32mOK<1b>[0m
     Running test_timespans.R.............. 17 tests <1b>[0;32mOK<1b>[0m
     Running test_timespans.R.............. 18 tests <1b>[0;32mOK<1b>[0m
     Running test_timespans.R.............. 18 tests <1b>[0;32mOK<1b>[0m
     Running test_timespans.R.............. 19 tests <1b>[0;32mOK<1b>[0m
     Running test_timespans.R.............. 20 tests <1b>[0;32mOK<1b>[0m
     Running test_timespans.R.............. 21 tests <1b>[0;32mOK<1b>[0m
     Running test_timespans.R.............. 22 tests <1b>[0;32mOK<1b>[0m
     Running test_timespans.R.............. 23 tests <1b>[0;32mOK<1b>[0m
     Running test_timespans.R.............. 24 tests <1b>[0;32mOK<1b>[0m
     Running test_timespans.R.............. 24 tests <1b>[0;32mOK<1b>[0m
     Running test_timespans.R.............. 25 tests <1b>[0;32mOK<1b>[0m
     Running test_timespans.R.............. 26 tests <1b>[0;32mOK<1b>[0m
     Running test_timespans.R.............. 27 tests <1b>[0;32mOK<1b>[0m
     Running test_timespans.R.............. 28 tests <1b>[0;32mOK<1b>[0m
     Running test_timespans.R.............. 29 tests <1b>[0;32mOK<1b>[0m
     Running test_timespans.R.............. 30 tests <1b>[0;32mOK<1b>[0m
     Running test_timespans.R.............. 30 tests <1b>[0;32mOK<1b>[0m
     Running test_timespans.R.............. 31 tests <1b>[0;32mOK<1b>[0m
     Running test_timespans.R.............. 32 tests <1b>[0;32mOK<1b>[0m
     Running test_timespans.R.............. 33 tests <1b>[0;32mOK<1b>[0m
     Running test_timespans.R.............. 34 tests <1b>[0;32mOK<1b>[0m
     Running test_timespans.R.............. 35 tests <1b>[0;32mOK<1b>[0m
     Running test_timespans.R.............. 36 tests <1b>[0;32mOK<1b>[0m
     Running test_timespans.R.............. 36 tests <1b>[0;32mOK<1b>[0m
     Running test_timespans.R.............. 37 tests <1b>[0;32mOK<1b>[0m
     Running test_timespans.R.............. 38 tests <1b>[0;32mOK<1b>[0m
     Running test_timespans.R.............. 39 tests <1b>[0;32mOK<1b>[0m
     Running test_timespans.R.............. 40 tests <1b>[0;32mOK<1b>[0m
     Running test_timespans.R.............. 41 tests <1b>[0;32mOK<1b>[0m
     Running test_timespans.R.............. 42 tests <1b>[0;32mOK<1b>[0m
     Running test_timespans.R.............. 42 tests <1b>[0;32mOK<1b>[0m
     Running test_timespans.R.............. 43 tests <1b>[0;32mOK<1b>[0m
     Running test_timespans.R.............. 44 tests <1b>[0;32mOK<1b>[0m
     Running test_timespans.R.............. 45 tests <1b>[0;32mOK<1b>[0m
     Running test_timespans.R.............. 46 tests <1b>[0;32mOK<1b>[0m
     Running test_timespans.R.............. 47 tests <1b>[0;32mOK<1b>[0m
     Running test_timespans.R.............. 48 tests <1b>[0;32mOK<1b>[0m
     Running test_timespans.R.............. 48 tests <1b>[0;32mOK<1b>[0m
     Running test_timespans.R.............. 49 tests <1b>[0;32mOK<1b>[0m
     Running test_timespans.R.............. 50 tests <1b>[0;32mOK<1b>[0m
     Running test_timespans.R.............. 51 tests <1b>[0;32mOK<1b>[0m
     Running test_timespans.R.............. 52 tests <1b>[0;32mOK<1b>[0m
     Running test_timespans.R.............. 53 tests <1b>[0;32mOK<1b>[0m
     Running test_timespans.R.............. 54 tests <1b>[0;32mOK<1b>[0m
     Running test_timespans.R.............. 54 tests <1b>[0;32mOK<1b>[0m
     Running test_timespans.R.............. 55 tests <1b>[0;32mOK<1b>[0m
     Running test_timespans.R.............. 56 tests <1b>[0;32mOK<1b>[0m
     Running test_timespans.R.............. 57 tests <1b>[0;32mOK<1b>[0m
     Running test_timespans.R.............. 58 tests <1b>[0;32mOK<1b>[0m
     Running test_timespans.R.............. 59 tests <1b>[0;32mOK<1b>[0m
     Running test_timespans.R.............. 60 tests <1b>[0;32mOK<1b>[0m
     Running test_timespans.R.............. 61 tests <1b>[0;32mOK<1b>[0m
     Running test_timespans.R.............. 62 tests <1b>[0;32mOK<1b>[0m
     Error: ----- FAILED[data]: test_encoding_does_not_change.R<10--10>
     call| expect_identical(unique(res$interest_over_time$keyword), kw)
     diff| Modes: character, NULL
     diff| Lengths: 1, 0
     diff| target is character, current is NULL
     Execution halted
Flavor: r-devel-linux-x86_64-debian-clang