CRAN Package Check Results for Package gwdegree

Last updated on 2020-04-04 11:51:06 CEST.

Flavor Version Tinstall Tcheck Ttotal Status Flags
r-devel-linux-x86_64-debian-clang 0.1.1 10.26 89.99 100.25 NOTE
r-devel-linux-x86_64-debian-gcc 0.1.1 9.32 69.56 78.88 NOTE
r-devel-linux-x86_64-fedora-clang 0.1.1 123.82 NOTE
r-devel-linux-x86_64-fedora-gcc 0.1.1 120.27 NOTE
r-devel-windows-ix86+x86_64 0.1.1 28.00 99.00 127.00 NOTE
r-devel-windows-ix86+x86_64-gcc8 0.1.1 23.00 97.00 120.00 NOTE
r-patched-linux-x86_64 0.1.1 11.12 85.80 96.92 NOTE
r-patched-solaris-x86 0.1.1 192.60 NOTE
r-release-linux-x86_64 0.1.1 10.24 76.60 86.84 NOTE
r-release-windows-ix86+x86_64 0.1.1 22.00 118.00 140.00 NOTE
r-release-osx-x86_64 0.1.1 OK
r-oldrel-windows-ix86+x86_64 0.1.1 14.00 100.00 114.00 NOTE
r-oldrel-osx-x86_64 0.1.1 OK

Check Details

Version: 0.1.1
Check: R code for possible problems
Result: NOTE
    simCCCent : <anonymous>: no visible global function definition for
     'simulate.formula'
    Undefined global functions or variables:
     simulate.formula
Flavors: r-devel-linux-x86_64-debian-clang, r-devel-linux-x86_64-debian-gcc, r-devel-linux-x86_64-fedora-clang, r-devel-linux-x86_64-fedora-gcc, r-devel-windows-ix86+x86_64, r-devel-windows-ix86+x86_64-gcc8, r-patched-linux-x86_64, r-patched-solaris-x86, r-release-linux-x86_64, r-release-windows-ix86+x86_64, r-oldrel-windows-ix86+x86_64