CRAN Package Check Results for Package hot.deck

Last updated on 2020-04-04 03:51:21 CEST.

Flavor Version Tinstall Tcheck Ttotal Status Flags
r-devel-linux-x86_64-debian-clang 1.1-2 5.63 58.37 64.00 OK
r-devel-linux-x86_64-debian-gcc 1.1-2 4.66 44.01 48.67 OK
r-devel-linux-x86_64-fedora-clang 1.1-2 74.83 OK
r-devel-linux-x86_64-fedora-gcc 1.1-2 71.86 OK
r-devel-windows-ix86+x86_64 1.1-2 28.00 101.00 129.00 OK
r-devel-windows-ix86+x86_64-gcc8 1.1-1 12.00 78.00 90.00 OK
r-patched-linux-x86_64 1.1-2 5.91 56.28 62.19 OK
r-patched-solaris-x86 1.1-2 115.90 OK
r-release-linux-x86_64 1.1-2 5.32 51.87 57.19 OK
r-release-windows-ix86+x86_64 1.1-2 10.00 69.00 79.00 OK
r-release-osx-x86_64 1.1-2 OK
r-oldrel-windows-ix86+x86_64 1.1-2 11.00 96.00 107.00 WARN
r-oldrel-osx-x86_64 1.1-1 OK

Check Details

Version: 1.1-2
Check: re-building of vignette outputs
Result: WARN
    Error in re-building vignettes:
     ...
    Warning in hot.deck(isq99, sdCutoff = 3, IDvars = c("IDORIGIN", "YEAR")) :
     52 observations with no observed data. These observations were removed
    
    Warning in hot.deck(isq99, sdCutoff = 3, IDvars = c("IDORIGIN", "YEAR")) :
     45 of 4661 imputations with # donors < 5, consider increasing sdCutoff or using method='p.draw'
    
    
    Error: processing vignette 'Using_Hot_Deck_Data.Rnw' failed with diagnostics:
     chunk 7 (label = conv)
    Error in update_tibble_attrs(x, ...) :
     object 'tibble_update_attrs' not found
    Execution halted
Flavor: r-oldrel-windows-ix86+x86_64