CRAN Package Check Results for Package huge

Last updated on 2020-02-27 03:48:49 CET.

Flavor Version Tinstall Tcheck Ttotal Status Flags
r-devel-linux-x86_64-debian-clang 1.3.4 67.32 128.04 195.36 OK
r-devel-linux-x86_64-debian-gcc 1.3.4 49.92 103.80 153.72 OK
r-devel-linux-x86_64-fedora-clang 1.3.4 258.26 NOTE
r-devel-linux-x86_64-fedora-gcc 1.3.4 249.02 OK
r-devel-windows-ix86+x86_64 1.3.4 117.00 202.00 319.00 OK
r-devel-windows-ix86+x86_64-gcc8 1.3.4 128.00 212.00 340.00 OK
r-patched-linux-x86_64 1.3.4 56.71 117.05 173.76 OK
r-patched-solaris-x86 1.3.4 283.60 OK
r-release-linux-x86_64 1.3.4 58.56 118.13 176.69 OK
r-release-windows-ix86+x86_64 1.3.4 118.00 187.00 305.00 OK
r-release-osx-x86_64 1.3.4 NOTE
r-oldrel-windows-ix86+x86_64 1.3.4 105.00 190.00 295.00 OK
r-oldrel-osx-x86_64 1.3.4 NOTE

Check Details

Version: 1.3.4
Check: installed package size
Result: NOTE
     installed size is 9.4Mb
     sub-directories of 1Mb or more:
     libs 7.6Mb
Flavors: r-devel-linux-x86_64-fedora-clang, r-release-osx-x86_64, r-oldrel-osx-x86_64