CRAN Package Check Results for Package ijtiff

Last updated on 2020-03-31 11:49:13 CEST.

Flavor Version Tinstall Tcheck Ttotal Status Flags
r-devel-linux-x86_64-debian-clang 2.0.4 22.63 86.86 109.49 OK
r-devel-linux-x86_64-debian-gcc 2.0.4 13.12 71.28 84.40 ERROR
r-devel-linux-x86_64-fedora-clang 2.0.4 98.21 ERROR
r-devel-linux-x86_64-fedora-gcc 2.0.4 135.22 ERROR
r-devel-windows-ix86+x86_64 2.0.4 44.00 103.00 147.00 OK
r-devel-windows-ix86+x86_64-gcc8 2.0.4 50.00 97.00 147.00 ERROR
r-patched-linux-x86_64 2.0.4 15.41 83.41 98.82 OK
r-patched-solaris-x86 2.0.4 124.30 ERROR
r-release-linux-x86_64 2.0.4 14.71 80.22 94.93 ERROR
r-release-windows-ix86+x86_64 2.0.4 78.00 135.00 213.00 OK
r-release-osx-x86_64 2.0.4 NOTE
r-oldrel-windows-ix86+x86_64 2.0.4 58.00 118.00 176.00 OK
r-oldrel-osx-x86_64 2.0.4 NOTE

Check Details

Version: 2.0.4
Check: tests
Result: ERROR
     Running ‘spelling.R’ [0s/1s]
     Running ‘testthat.R’ [16s/20s]
    Running the tests in ‘tests/testthat.R’ failed.
    Complete output:
     > library(testthat)
     > library(ijtiff)
     >
     > test_check("ijtiff")
     ── 1. Error: text-image-io works (@test-io.R#321) ─────────────────────────────
     No common type for `col2` <double> and `col2` <character>.
     Backtrace:
     1. dplyr::tribble(~col1, ~col2, 1, 5, 8, "y")
     8. vctrs:::vec_ptype2.double.default(...)
     9. vctrs::vec_default_ptype2(x, y, x_arg = x_arg, y_arg = y_arg)
     10. vctrs::stop_incompatible_type(x, y, x_arg = x_arg, y_arg = y_arg)
     11. vctrs:::stop_incompatible(...)
     12. vctrs:::stop_vctrs(...)
    
     ══ testthat results ═══════════════════════════════════════════════════════════
     [ OK: 96 | SKIPPED: 0 | WARNINGS: 98 | FAILED: 1 ]
     1. Error: text-image-io works (@test-io.R#321)
    
     Error: testthat unit tests failed
     Execution halted
Flavor: r-devel-linux-x86_64-debian-gcc

Version: 2.0.4
Check: tests
Result: ERROR
     Running ‘spelling.R’
     Running ‘testthat.R’ [9s/23s]
    Running the tests in ‘tests/testthat.R’ failed.
    Complete output:
     > library(testthat)
     > library(ijtiff)
     >
     > test_check("ijtiff")
     ── 1. Error: text-image-io works (@test-io.R#321) ─────────────────────────────
     No common type for `col2` <double> and `col2` <character>.
     Backtrace:
     1. dplyr::tribble(~col1, ~col2, 1, 5, 8, "y")
     8. vctrs:::vec_ptype2.double.default(...)
     9. vctrs::vec_default_ptype2(x, y, x_arg = x_arg, y_arg = y_arg)
     10. vctrs::stop_incompatible_type(x, y, x_arg = x_arg, y_arg = y_arg)
     11. vctrs:::stop_incompatible(...)
     12. vctrs:::stop_vctrs(...)
    
     ══ testthat results ═══════════════════════════════════════════════════════════
     [ OK: 96 | SKIPPED: 0 | WARNINGS: 98 | FAILED: 1 ]
     1. Error: text-image-io works (@test-io.R#321)
    
     Error: testthat unit tests failed
     Execution halted
Flavor: r-devel-linux-x86_64-fedora-clang

Version: 2.0.4
Check: tests
Result: ERROR
     Running ‘spelling.R’
     Running ‘testthat.R’ [24s/31s]
    Running the tests in ‘tests/testthat.R’ failed.
    Complete output:
     > library(testthat)
     > library(ijtiff)
     >
     > test_check("ijtiff")
     ── 1. Error: text-image-io works (@test-io.R#321) ─────────────────────────────
     No common type for `col2` <double> and `col2` <character>.
     Backtrace:
     1. dplyr::tribble(~col1, ~col2, 1, 5, 8, "y")
     8. vctrs:::vec_ptype2.double.default(...)
     9. vctrs::vec_default_ptype2(x, y, x_arg = x_arg, y_arg = y_arg)
     10. vctrs::stop_incompatible_type(x, y, x_arg = x_arg, y_arg = y_arg)
     11. vctrs:::stop_incompatible(...)
     12. vctrs:::stop_vctrs(...)
    
     ══ testthat results ═══════════════════════════════════════════════════════════
     [ OK: 96 | SKIPPED: 0 | WARNINGS: 98 | FAILED: 1 ]
     1. Error: text-image-io works (@test-io.R#321)
    
     Error: testthat unit tests failed
     Execution halted
Flavor: r-devel-linux-x86_64-fedora-gcc

Version: 2.0.4
Check: installed package size
Result: NOTE
     installed size is 5.2Mb
     sub-directories of 1Mb or more:
     libs 3.3Mb
Flavors: r-devel-windows-ix86+x86_64-gcc8, r-release-osx-x86_64, r-oldrel-osx-x86_64

Version: 2.0.4
Check: running examples for arch ‘i386’
Result: ERROR
    Running examples in 'ijtiff-Ex.R' failed
    The error most likely occurred in:
    
    > ### Name: as_EBImage
    > ### Title: Convert an ijtiff_img to an EBImage::Image.
    > ### Aliases: as_EBImage
    >
    > ### ** Examples
    >
    > if (require(EBImage)) {
    + img <- read_tif(system.file("img", "Rlogo.tif", package = "ijtiff"))
    + str(img)
    + str(as_EBImage(img))
    + img <- read_tif(system.file("img", "2ch_ij.tif", package = "ijtiff"))
    + str(img)
    + str(as_EBImage(img))
    + }
    Loading required package: EBImage
    
    Attaching package: 'EBImage'
    
    The following object is masked from 'package:ijtiff':
    
     display
Flavor: r-devel-windows-ix86+x86_64-gcc8

Version: 2.0.4
Check: running tests for arch ‘i386’
Result: ERROR
     Running 'spelling.R' [0s]
     Running 'testthat.R' [3s]
    Running the tests in 'tests/testthat.R' failed.
    Complete output:
     > library(testthat)
     > library(ijtiff)
     >
     > test_check("ijtiff")
Flavor: r-devel-windows-ix86+x86_64-gcc8

Version: 2.0.4
Check: tests
Result: ERROR
     Running ‘spelling.R’
     Running ‘testthat.R’ [13s/16s]
    Running the tests in ‘tests/testthat.R’ failed.
    Complete output:
     > library(testthat)
     > library(ijtiff)
     >
     > test_check("ijtiff")
     ── 1. Error: text-image-io works (@test-io.R#321) ─────────────────────────────
     No common type for `col2` <double> and `col2` <character>.
     Backtrace:
     1. dplyr::tribble(~col1, ~col2, 1, 5, 8, "y")
     8. vctrs:::vec_ptype2.double.default(...)
     9. vctrs::vec_default_ptype2(x, y, x_arg = x_arg, y_arg = y_arg)
     10. vctrs::stop_incompatible_type(x, y, x_arg = x_arg, y_arg = y_arg)
     11. vctrs:::stop_incompatible(...)
     12. vctrs:::stop_vctrs(...)
    
     ══ testthat results ═══════════════════════════════════════════════════════════
     [ OK: 96 | SKIPPED: 0 | WARNINGS: 98 | FAILED: 1 ]
     1. Error: text-image-io works (@test-io.R#321)
    
     Error: testthat unit tests failed
     Execution halted
Flavor: r-patched-solaris-x86

Version: 2.0.4
Check: tests
Result: ERROR
     Running ‘spelling.R’ [0s/0s]
     Running ‘testthat.R’ [17s/20s]
    Running the tests in ‘tests/testthat.R’ failed.
    Complete output:
     > library(testthat)
     > library(ijtiff)
     >
     > test_check("ijtiff")
     ── 1. Error: text-image-io works (@test-io.R#321) ─────────────────────────────
     No common type for `col2` <double> and `col2` <character>.
     Backtrace:
     1. dplyr::tribble(~col1, ~col2, 1, 5, 8, "y")
     8. vctrs:::vec_ptype2.double.default(...)
     9. vctrs::vec_default_ptype2(x, y, x_arg = x_arg, y_arg = y_arg)
     10. vctrs::stop_incompatible_type(x, y, x_arg = x_arg, y_arg = y_arg)
     11. vctrs:::stop_incompatible(...)
     12. vctrs:::stop_vctrs(...)
    
     ══ testthat results ═══════════════════════════════════════════════════════════
     [ OK: 96 | SKIPPED: 0 | WARNINGS: 98 | FAILED: 1 ]
     1. Error: text-image-io works (@test-io.R#321)
    
     Error: testthat unit tests failed
     Execution halted
Flavor: r-release-linux-x86_64