CRAN Package Check Results for Package irr

Last updated on 2020-04-04 11:51:08 CEST.

Flavor Version Tinstall Tcheck Ttotal Status Flags
r-devel-linux-x86_64-debian-clang 0.84.1 4.33 30.12 34.45 OK
r-devel-linux-x86_64-debian-gcc 0.84.1 3.45 23.30 26.75 OK
r-devel-linux-x86_64-fedora-clang 0.84.1 41.80 OK
r-devel-linux-x86_64-fedora-gcc 0.84.1 41.50 OK
r-devel-windows-ix86+x86_64 0.84.1 8.00 57.00 65.00 OK
r-devel-windows-ix86+x86_64-gcc8 0.84.1 9.00 43.00 52.00 OK
r-patched-linux-x86_64 0.84.1 4.29 29.13 33.42 OK
r-patched-solaris-x86 0.84.1 60.30 OK
r-release-linux-x86_64 0.84.1 2.97 27.20 30.17 NOTE
r-release-windows-ix86+x86_64 0.84.1 22.00 68.00 90.00 OK
r-release-osx-x86_64 0.84.1 OK
r-oldrel-windows-ix86+x86_64 0.84.1 6.00 49.00 55.00 OK
r-oldrel-osx-x86_64 0.84.1 OK

Check Details

Version: 0.84.1
Check: Rd line widths
Result: NOTE
    Rd file 'N2.cohen.kappa.Rd':
     \examples lines wider than 100 characters:
     N2.cohen.kappa(c(0.2, 0.25, 0.55), k1=0.6, k0=0.4)
    
    These lines will be truncated in the PDF manual.
Flavor: r-release-linux-x86_64